{"id":2514,"date":"2022-11-11T11:48:55","date_gmt":"2022-11-11T10:48:55","guid":{"rendered":"https:\/\/diamentspalodz.pl\/?page_id=2514"},"modified":"2025-05-15T11:59:57","modified_gmt":"2025-05-15T09:59:57","slug":"regulamin-2","status":"publish","type":"page","link":"https:\/\/diamentspalodz.pl\/index.php\/regulamin-2\/","title":{"rendered":"regulamin"},"content":{"rendered":"\t\t<div data-elementor-type=\"wp-page\" data-elementor-id=\"2514\" class=\"elementor elementor-2514\">\n\t\t\t\t\t\t<section class=\"has_eae_slider elementor-section elementor-top-section elementor-element elementor-element-2cb7680 elementor-section-boxed elementor-section-height-default elementor-section-height-default\" data-id=\"2cb7680\" data-element_type=\"section\" data-settings=\"{&quot;_ha_eqh_enable&quot;:false}\">\n\t\t\t\t\t\t<div class=\"elementor-container elementor-column-gap-default\">\n\t\t\t\t\t<div class=\"has_eae_slider elementor-column elementor-col-100 elementor-top-column elementor-element elementor-element-5199081\" data-id=\"5199081\" data-element_type=\"column\">\n\t\t\t<div class=\"elementor-widget-wrap elementor-element-populated\">\n\t\t\t\t\t\t<div class=\"elementor-element elementor-element-07305e1 elementor-widget elementor-widget-text-editor\" data-id=\"07305e1\" data-element_type=\"widget\" data-widget_type=\"text-editor.default\">\n\t\t\t\t<div class=\"elementor-widget-container\">\n\t\t\t\t\t\t\t<p>Regulamin konkursu<br \/>Diament Body &amp; Mind Spa<br \/>Postanowienia og\u00f3lne<br \/>1. Organizatorem konkursu jest firma Diament Body &amp; Mind Spa z siedzib\u0105 w \u0141\u00f3d\u017a, ul. Sobolowa 2,\u00a0<br \/>2. Fundatorem nagrody jest Organizator.<br \/>3. Konkurs nie jest stworzony, administrowany ani sponsorowany przez Facebook. Serwis<br \/>facebook.com nie ponosi \u017cadnej odpowiedzialno\u015bci za jakiekolwiek dzia\u0142ania zwi\u0105zane z<br \/>organizacj\u0105 konkursu na \u0142amach serwisu.<br \/>Warunki uczestnictwa<br \/>4. W konkursie mog\u0105 wzi\u0105\u0107 udzia\u0142 wy\u0142\u0105cznie osoby pe\u0142noletnie.<br \/>5. Warunkiem udzia\u0142u w konkursie jest posiadanie zweryfikowanego konta w serwisie<br \/>Facebook.<br \/>6. Konkurs trwa od 13.05.2025r. do 24.05.2025r. godz. 20:00 <br \/>7. Wyniki Konkursu zostan\u0105 og\u0142oszone: 25.025.2025r za po\u015brednictwem fanpage\u2019a.<br \/>8. Konkurs odbywa si\u0119 za po\u015brednictwem fanpage na portalu spo\u0142eczno\u015bciowym Facebook<br \/>znajduj\u0105cym si\u0119 pod adresem: https:\/\/www.facebook.com\/diamentbodymindspalodz\/<br \/>9. B\u0119dzie nam niezmiernie mi\u0142o je\u015bli uczestnik polubi\/zaobserwuje fanpage\u2019a Diament Body &amp; Mind Spa <br \/>Zadanie konkursowe<br \/>10. Zadanie konkursowe polega na :<\/p><div class=\"\" data-block=\"true\" data-editor=\"74vvn\" data-offset-key=\"8i90f-0-0\"><div class=\"_1mf _1mj\" data-offset-key=\"8i90f-0-0\"><span data-offset-key=\"8i90f-0-0\">1. polubi\u0107 fanpage Diament Body &amp; Mind Spa \u0141\u00f3d\u017a<\/span><\/div><\/div><div class=\"\" data-block=\"true\" data-editor=\"74vvn\" data-offset-key=\"45jt0-0-0\"><div class=\"_1mf _1mj\" data-offset-key=\"45jt0-0-0\"><span data-offset-key=\"45jt0-0-0\">2. udost\u0119pni\u0107 publicznie post z konkursem na swojej osi czasu<\/span><\/div><\/div><div class=\"\" data-block=\"true\" data-editor=\"74vvn\" data-offset-key=\"4qh4f-0-0\"><div class=\"_1mf _1mj\" data-offset-key=\"4qh4f-0-0\"><span data-offset-key=\"4qh4f-0-0\">3. polubi\u0107 post konkursowy<\/span><\/div><\/div><div class=\"\" data-block=\"true\" data-editor=\"74vvn\" data-offset-key=\"9e8i3-0-0\"><div class=\"_1mf _1mj\" data-offset-key=\"9e8i3-0-0\"><span data-offset-key=\"9e8i3-0-0\">4. zaprosi\u0107 w komentarzu do konkursu minimum 7 os\u00f3b<\/span><\/div><\/div><div class=\"\" data-block=\"true\" data-editor=\"74vvn\" data-offset-key=\"4drid-0-0\"><div class=\"_1mf _1mj\" data-offset-key=\"4drid-0-0\"><span data-offset-key=\"4drid-0-0\">5. napisa\u0107 w komentarzu: za co cenisz swoja mame<\/span><\/div><\/div><div class=\"\" data-block=\"true\" data-editor=\"74vvn\" data-offset-key=\"2ocsn-0-0\"><div class=\"_1mf _1mj\" data-offset-key=\"2ocsn-0-0\"><span data-offset-key=\"2ocsn-0-0\">\u00a0<img decoding=\"async\" class=\"emoji\" role=\"img\" draggable=\"false\" src=\"https:\/\/s.w.org\/images\/core\/emoji\/14.0.0\/svg\/231a.svg\" alt=\"\u231a\ufe0f\" \/><\/span><\/div><\/div><div class=\"\" data-block=\"true\" data-editor=\"74vvn\" data-offset-key=\"av4f9-0-0\"><div class=\"_1mf _1mj\" data-offset-key=\"av4f9-0-0\"><span data-offset-key=\"av4f9-0-0\"><img decoding=\"async\" class=\"emoji\" role=\"img\" draggable=\"false\" src=\"https:\/\/s.w.org\/images\/core\/emoji\/14.0.0\/svg\/1f3c6.svg\" alt=\"\ud83c\udfc6\" \/>Wyniki Konkursu zostan\u0105 og\u0142oszone: 25.05.2025r za po\u015brednictwem fanpage\u2019a.<\/span><\/div><\/div><p>11. W konkursie zostanie wy\u0142onionych 2 zwyci\u0119zcow.<\/p><p>12. Najciekawsze, najlepsze, najzabawniejsze prace konkursowe zostan\u0105 wybrane przez komisj\u0119 w sk\u0142adzie Katarzyna Roll.<br \/>Porzez wybranie najfajniejszej odpowiedzi.<br \/>13. Zwyci\u0119zcy Konkursu zostan\u0105 powiadomieni o wygranej i warunkach odbioru Nagrody za<br \/>po\u015brednictwem wiadomo\u015bci prywatnej wys\u0142anej na portalu Facebook .<br \/>14. Organizator zwraca uwag\u0119 na poszanowanie tw\u00f3rczo\u015bci innych i zachowanie kultury w<br \/>wypowiedziach.<br \/>15. Zg\u0142oszenia zawieraj\u0105ce wulgaryzmy i niecenzuralne s\u0142owa b\u0119d\u0105 usuwane i nie b\u0119d\u0119 bra\u0142y<br \/>udzia\u0142u w konkursie.<br \/>Nagroda<br \/>16. Nagrod\u0105 w konkursie jest voucher na zabieg eximia mmed na twarz do zrealizowania w salonie Diament Body &amp; Mind Spa, ul. Sobolowa 2, \u0141\u00f3d\u017a.<br \/>17. Nagrod\u0119 mo\u017cna odebra\u0107 osobi\u015bcie w salonie Diament Body &amp; Mind Spa, ul. Sobolowa 2, \u0141\u00f3d\u017a.\u00a0<br \/>18. Nagrod\u0119 nale\u017cy odebra\u0107 od\u00a0 25 maja najp\u00f3\u017aniej do dnia 25 lipca\u00a0 tym czasie Nagroda traci wa\u017cno\u015b\u0107. Nie wolno\u00a0 nagrody nikomu odsprzedawa\u0107 ani wymienia\u0107 na inny zabieg<br \/>19. Organizator ma prawo poda\u0107 dane Zwyci\u0119zcy na fanpage.<br \/>20. Organizator nie ponosi odpowiedzialno\u015bci za brak mo\u017cliwo\u015bci przekazania nagrody z<br \/>przyczyn le\u017c\u0105cych po stronie Uczestnika. W takim wypadku nagroda przepada.<br \/>21. Organizator nie ponosi odpowiedzialno\u015bci za nieprawid\u0142owe dane wskazane przez<br \/>Uczestnika, a w szczeg\u00f3lno\u015bci za zmian\u0119 danych osobowych uniemo\u017cliwiaj\u0105cych odszukanie<br \/>Uczestnika i poinformowanie o przyznaniu Nagrody.<br \/>22. W przypadku wykrycia dzia\u0142a\u0144 niezgodnych z Regulaminem, pr\u00f3by wp\u0142ywania na wy\u0142onienie<br \/>Zwyci\u0119zcy w spos\u00f3b niedozwolony, szczeg\u00f3lnie poprzez zak\u0142adanie fikcyjnych profili w<br \/>serwisie Facebook, dany uczestnik mo\u017ce zosta\u0107 wykluczony z Konkursu.<br \/>Reklamacje<br \/>23. Wszelkie reklamacje oraz uwagi dotycz\u0105ce zasad, przeprowadzenia lub rozstrzygni\u0119cia<br \/>konkursu prosimy zg\u0142asza\u0107 mailowo na adres: biuro@diamentspalodz.pl<br \/>24. Reklamacja powinna zawiera\u0107 imi\u0119 i nazwisko Uczestnika oraz uzasadnienie reklamacji. W<br \/>tytule wiadomo\u015bci prosimy doda\u0107 opis (Konkurs na Facebooku &#8211; konkrs walentynkowy).<br \/>25. Reklamacje rozpatrywane s\u0105 w terminie 30 dni od daty ich wp\u0142yni\u0119cia.<br \/>Obowi\u0105zek informacyjny<br \/>26. Informujemy, \u017ce administratorem danych osobowych uczestnik\u00f3w Konkursu jest (Diament Body &amp; Mind Spa z siedzib\u0105 w \u0141odzi, ul. Sobolowa 2).<br \/>W sprawach dotycz\u0105cych przetwarzania danych osobowych nale\u017cy kontaktowa\u0107<br \/>si\u0119 za po\u015brednictwem adresu e-mai: biuro@diamentspalodz.pl<br \/>27 Dane osobowe b\u0119d\u0105 przetwarzane w celu i zakresie niezb\u0119dnym do przeprowadzenia<br \/>Konkursu, na podstawie art. 6 ust. 1. lit. b Rozporz\u0105dzenia Parlamentu Europejskiego i Rady<br \/>(UE) 2016\/679 UE (dalej: \u201eRODO\u201d). Dane zosta\u0142y zebrane przez fanpage na Facebooku (Diament Body &amp; Mind Spa \u0141\u00f3d\u017a).<br \/>28. Dane osobowe b\u0119d\u0105 przetwarzane przez okres niezb\u0119dny do realizacji Konkursu, w tym<br \/>wydania Nagrody i og\u0142oszenia informacji o zwyci\u0119zcy (oraz innych nagrodzonych osobach), a<br \/>tak\u017ce przechowywane do momentu przedawnienia ewentualnych roszcze\u0144 lub wyga\u015bni\u0119cia<br \/>obowi\u0105zku archiwizacji danych wynikaj\u0105cego z przepis\u00f3w prawa.<br \/>Postanowienia ko\u0144cowe<br \/>29. W kwestiach nieuregulowanych niniejszym Regulaminem stosuje si\u0119 przepisy Kodeksu<br \/>cywilnego i inne przepisy prawa.<br \/>30. Spory odnosz\u0105ce si\u0119 i wynikaj\u0105ce z Konkursu b\u0119d\u0105 rozwi\u0105zywane przez s\u0105d powszechny<br \/>w\u0142a\u015bciwy miejscowo dla siedziby organizatora.<br \/>31. Organizator zastrzega sobie prawo do zmiany zasad Konkursu w trakcie jego trwania.<br \/>Informacja o zmianach b\u0119dzie zamieszczona na fanpage (Diament Body &amp; Mind Spa \u0141\u00f3d\u017a).32. Wygrana w konkursie nie podlega odsprzeda\u017cy.<br \/>33. Bior\u0105c udzia\u0142 w konkursie, U\u017cytkownik zgadza si\u0119 z postanowieniami niniejszego Regulaminu.<\/p><p>34. Nie ma mo\u017cliwo\u015bci sprzeda\u017cy wygranej.<\/p><p>35. Osoby, kt\u00f3re wygra\u0142y w 2 konkursach, nie mog\u0105 bra\u0107 wi\u0119cej udzia\u0142u w konkursie.24<\/p>\t\t\t\t\t\t<\/div>\n\t\t\t\t<\/div>\n\t\t\t\t\t<\/div>\n\t\t<\/div>\n\t\t\t\t\t<\/div>\n\t\t<\/section>\n\t\t\t\t<\/div>\n\t\t","protected":false},"excerpt":{"rendered":"<p>Regulamin konkursuDiament Body &amp; Mind SpaPostanowienia og\u00f3lne1. Organizatorem konkursu jest firma Diament Body &amp; Mind Spa z siedzib\u0105 w \u0141\u00f3d\u017a, ul. Sobolowa 2,\u00a02. Fundatorem nagrody jest Organizator.3. Konkurs nie jest stworzony, administrowany ani sponsorowany przez Facebook. Serwisfacebook.com nie ponosi \u017cadnej odpowiedzialno\u015bci za jakiekolwiek dzia\u0142ania zwi\u0105zane zorganizacj\u0105 konkursu na \u0142amach serwisu.Warunki uczestnictwa4. W konkursie mog\u0105 wzi\u0105\u0107 [&hellip;]<\/p>\n","protected":false},"author":1,"featured_media":0,"parent":0,"menu_order":0,"comment_status":"closed","ping_status":"closed","template":"","meta":{"footnotes":""},"class_list":["post-2514","page","type-page","status-publish","hentry","entry"],"yoast_head":"<!-- This site is optimized with the Yoast SEO plugin v19.7.2 - https:\/\/yoast.com\/wordpress\/plugins\/seo\/ -->\n<title>regulamin - Diament body &amp; mind spa \u0141\u00f3d\u017a<\/title>\n<meta name=\"robots\" content=\"index, follow, max-snippet:-1, max-image-preview:large, max-video-preview:-1\" \/>\n<link rel=\"canonical\" href=\"https:\/\/diamentspalodz.pl\/index.php\/regulamin-2\/\" \/>\n<meta property=\"og:locale\" content=\"pl_PL\" \/>\n<meta property=\"og:type\" content=\"article\" \/>\n<meta property=\"og:title\" content=\"regulamin - Diament body &amp; mind spa \u0141\u00f3d\u017a\" \/>\n<meta property=\"og:description\" content=\"Regulamin konkursuDiament Body &amp; Mind SpaPostanowienia og\u00f3lne1. Organizatorem konkursu jest firma Diament Body &amp; Mind Spa z siedzib\u0105 w \u0141\u00f3d\u017a, ul. Sobolowa 2,\u00a02. Fundatorem nagrody jest Organizator.3. Konkurs nie jest stworzony, administrowany ani sponsorowany przez Facebook. Serwisfacebook.com nie ponosi \u017cadnej odpowiedzialno\u015bci za jakiekolwiek dzia\u0142ania zwi\u0105zane zorganizacj\u0105 konkursu na \u0142amach serwisu.Warunki uczestnictwa4. W konkursie mog\u0105 wzi\u0105\u0107 [&hellip;]\" \/>\n<meta property=\"og:url\" content=\"https:\/\/diamentspalodz.pl\/index.php\/regulamin-2\/\" \/>\n<meta property=\"og:site_name\" content=\"Diament body &amp; mind spa \u0141\u00f3d\u017a\" \/>\n<meta property=\"article:modified_time\" content=\"2025-05-15T09:59:57+00:00\" \/>\n<meta property=\"og:image\" content=\"https:\/\/s.w.org\/images\/core\/emoji\/14.0.0\/svg\/231a.svg\" \/>\n<meta name=\"twitter:card\" content=\"summary_large_image\" \/>\n<meta name=\"twitter:label1\" content=\"Szacowany czas czytania\" \/>\n\t<meta name=\"twitter:data1\" content=\"5 minut\" \/>\n<script type=\"application\/ld+json\" class=\"yoast-schema-graph\">{\"@context\":\"https:\/\/schema.org\",\"@graph\":[{\"@type\":\"WebPage\",\"@id\":\"https:\/\/diamentspalodz.pl\/index.php\/regulamin-2\/\",\"url\":\"https:\/\/diamentspalodz.pl\/index.php\/regulamin-2\/\",\"name\":\"regulamin - Diament body &amp; mind spa \u0141\u00f3d\u017a\",\"isPartOf\":{\"@id\":\"https:\/\/diamentspalodz.pl\/#website\"},\"datePublished\":\"2022-11-11T10:48:55+00:00\",\"dateModified\":\"2025-05-15T09:59:57+00:00\",\"breadcrumb\":{\"@id\":\"https:\/\/diamentspalodz.pl\/index.php\/regulamin-2\/#breadcrumb\"},\"inLanguage\":\"pl-PL\",\"potentialAction\":[{\"@type\":\"ReadAction\",\"target\":[\"https:\/\/diamentspalodz.pl\/index.php\/regulamin-2\/\"]}]},{\"@type\":\"BreadcrumbList\",\"@id\":\"https:\/\/diamentspalodz.pl\/index.php\/regulamin-2\/#breadcrumb\",\"itemListElement\":[{\"@type\":\"ListItem\",\"position\":1,\"name\":\"Strona g\u0142\u00f3wna\",\"item\":\"https:\/\/diamentspalodz.pl\/\"},{\"@type\":\"ListItem\",\"position\":2,\"name\":\"regulamin\"}]},{\"@type\":\"WebSite\",\"@id\":\"https:\/\/diamentspalodz.pl\/#website\",\"url\":\"https:\/\/diamentspalodz.pl\/\",\"name\":\"Diament body &amp; mind spa \u0141\u00f3d\u017a\",\"description\":\"Spa w \u0141odzi, salon kosmetyczny, zabiegi na twarz i cia\u0142o, odchudzanie, odm\u0142adzanie, brwi permanentne, trychologia, likwidacja zmarszczek, lifting twarzy, modelowanie sylwetki, lipoliza, spalanie t\u0142uszczu, likwidacja cellulitu\",\"publisher\":{\"@id\":\"https:\/\/diamentspalodz.pl\/#organization\"},\"potentialAction\":[{\"@type\":\"SearchAction\",\"target\":{\"@type\":\"EntryPoint\",\"urlTemplate\":\"https:\/\/diamentspalodz.pl\/?s={search_term_string}\"},\"query-input\":\"required name=search_term_string\"}],\"inLanguage\":\"pl-PL\"},{\"@type\":\"Organization\",\"@id\":\"https:\/\/diamentspalodz.pl\/#organization\",\"name\":\"Diament body &amp; mind spa \u0141\u00f3d\u017a\",\"url\":\"https:\/\/diamentspalodz.pl\/\",\"sameAs\":[],\"logo\":{\"@type\":\"ImageObject\",\"inLanguage\":\"pl-PL\",\"@id\":\"https:\/\/diamentspalodz.pl\/#\/schema\/logo\/image\/\",\"url\":\"https:\/\/diamentspalodz.pl\/wp-content\/uploads\/2022\/10\/logo-dlugie-2.png\",\"contentUrl\":\"https:\/\/diamentspalodz.pl\/wp-content\/uploads\/2022\/10\/logo-dlugie-2.png\",\"width\":267,\"height\":61,\"caption\":\"Diament body &amp; mind spa \u0141\u00f3d\u017a\"},\"image\":{\"@id\":\"https:\/\/diamentspalodz.pl\/#\/schema\/logo\/image\/\"}}]}<\/script>\n<!-- \/ Yoast SEO plugin. -->","yoast_head_json":{"title":"regulamin - Diament body &amp; mind spa \u0141\u00f3d\u017a","robots":{"index":"index","follow":"follow","max-snippet":"max-snippet:-1","max-image-preview":"max-image-preview:large","max-video-preview":"max-video-preview:-1"},"canonical":"https:\/\/diamentspalodz.pl\/index.php\/regulamin-2\/","og_locale":"pl_PL","og_type":"article","og_title":"regulamin - Diament body &amp; mind spa \u0141\u00f3d\u017a","og_description":"Regulamin konkursuDiament Body &amp; Mind SpaPostanowienia og\u00f3lne1. Organizatorem konkursu jest firma Diament Body &amp; Mind Spa z siedzib\u0105 w \u0141\u00f3d\u017a, ul. Sobolowa 2,\u00a02. Fundatorem nagrody jest Organizator.3. Konkurs nie jest stworzony, administrowany ani sponsorowany przez Facebook. Serwisfacebook.com nie ponosi \u017cadnej odpowiedzialno\u015bci za jakiekolwiek dzia\u0142ania zwi\u0105zane zorganizacj\u0105 konkursu na \u0142amach serwisu.Warunki uczestnictwa4. W konkursie mog\u0105 wzi\u0105\u0107 [&hellip;]","og_url":"https:\/\/diamentspalodz.pl\/index.php\/regulamin-2\/","og_site_name":"Diament body &amp; mind spa \u0141\u00f3d\u017a","article_modified_time":"2025-05-15T09:59:57+00:00","og_image":[{"url":"https:\/\/s.w.org\/images\/core\/emoji\/14.0.0\/svg\/231a.svg"}],"twitter_card":"summary_large_image","twitter_misc":{"Szacowany czas czytania":"5 minut"},"schema":{"@context":"https:\/\/schema.org","@graph":[{"@type":"WebPage","@id":"https:\/\/diamentspalodz.pl\/index.php\/regulamin-2\/","url":"https:\/\/diamentspalodz.pl\/index.php\/regulamin-2\/","name":"regulamin - Diament body &amp; mind spa \u0141\u00f3d\u017a","isPartOf":{"@id":"https:\/\/diamentspalodz.pl\/#website"},"datePublished":"2022-11-11T10:48:55+00:00","dateModified":"2025-05-15T09:59:57+00:00","breadcrumb":{"@id":"https:\/\/diamentspalodz.pl\/index.php\/regulamin-2\/#breadcrumb"},"inLanguage":"pl-PL","potentialAction":[{"@type":"ReadAction","target":["https:\/\/diamentspalodz.pl\/index.php\/regulamin-2\/"]}]},{"@type":"BreadcrumbList","@id":"https:\/\/diamentspalodz.pl\/index.php\/regulamin-2\/#breadcrumb","itemListElement":[{"@type":"ListItem","position":1,"name":"Strona g\u0142\u00f3wna","item":"https:\/\/diamentspalodz.pl\/"},{"@type":"ListItem","position":2,"name":"regulamin"}]},{"@type":"WebSite","@id":"https:\/\/diamentspalodz.pl\/#website","url":"https:\/\/diamentspalodz.pl\/","name":"Diament body &amp; mind spa \u0141\u00f3d\u017a","description":"Spa w \u0141odzi, salon kosmetyczny, zabiegi na twarz i cia\u0142o, odchudzanie, odm\u0142adzanie, brwi permanentne, trychologia, likwidacja zmarszczek, lifting twarzy, modelowanie sylwetki, lipoliza, spalanie t\u0142uszczu, likwidacja cellulitu","publisher":{"@id":"https:\/\/diamentspalodz.pl\/#organization"},"potentialAction":[{"@type":"SearchAction","target":{"@type":"EntryPoint","urlTemplate":"https:\/\/diamentspalodz.pl\/?s={search_term_string}"},"query-input":"required name=search_term_string"}],"inLanguage":"pl-PL"},{"@type":"Organization","@id":"https:\/\/diamentspalodz.pl\/#organization","name":"Diament body &amp; mind spa \u0141\u00f3d\u017a","url":"https:\/\/diamentspalodz.pl\/","sameAs":[],"logo":{"@type":"ImageObject","inLanguage":"pl-PL","@id":"https:\/\/diamentspalodz.pl\/#\/schema\/logo\/image\/","url":"https:\/\/diamentspalodz.pl\/wp-content\/uploads\/2022\/10\/logo-dlugie-2.png","contentUrl":"https:\/\/diamentspalodz.pl\/wp-content\/uploads\/2022\/10\/logo-dlugie-2.png","width":267,"height":61,"caption":"Diament body &amp; mind spa \u0141\u00f3d\u017a"},"image":{"@id":"https:\/\/diamentspalodz.pl\/#\/schema\/logo\/image\/"}}]}},"_links":{"self":[{"href":"https:\/\/diamentspalodz.pl\/index.php\/wp-json\/wp\/v2\/pages\/2514","targetHints":{"allow":["GET"]}}],"collection":[{"href":"https:\/\/diamentspalodz.pl\/index.php\/wp-json\/wp\/v2\/pages"}],"about":[{"href":"https:\/\/diamentspalodz.pl\/index.php\/wp-json\/wp\/v2\/types\/page"}],"author":[{"embeddable":true,"href":"https:\/\/diamentspalodz.pl\/index.php\/wp-json\/wp\/v2\/users\/1"}],"replies":[{"embeddable":true,"href":"https:\/\/diamentspalodz.pl\/index.php\/wp-json\/wp\/v2\/comments?post=2514"}],"version-history":[{"count":60,"href":"https:\/\/diamentspalodz.pl\/index.php\/wp-json\/wp\/v2\/pages\/2514\/revisions"}],"predecessor-version":[{"id":4444,"href":"https:\/\/diamentspalodz.pl\/index.php\/wp-json\/wp\/v2\/pages\/2514\/revisions\/4444"}],"wp:attachment":[{"href":"https:\/\/diamentspalodz.pl\/index.php\/wp-json\/wp\/v2\/media?parent=2514"}],"curies":[{"name":"wp","href":"https:\/\/api.w.org\/{rel}","templated":true}]}}