{"id":3002,"date":"2023-05-09T16:05:01","date_gmt":"2023-05-09T14:05:01","guid":{"rendered":"https:\/\/diamentspalodz.pl\/?page_id=3002"},"modified":"2025-01-14T12:11:51","modified_gmt":"2025-01-14T11:11:51","slug":"usuwanie-wlokniakow","status":"publish","type":"page","link":"https:\/\/diamentspalodz.pl\/index.php\/usuwanie-wlokniakow\/","title":{"rendered":"USUWANIE W\u0141\u00d3KNIAK\u00d3W"},"content":{"rendered":"\t\t<div data-elementor-type=\"wp-page\" data-elementor-id=\"3002\" class=\"elementor elementor-3002\">\n\t\t\t\t\t\t<section class=\"has_eae_slider elementor-section elementor-top-section elementor-element elementor-element-41956fd elementor-section-content-middle elementor-section-stretched elementor-section-boxed elementor-section-height-default elementor-section-height-default elementor-invisible\" data-id=\"41956fd\" data-element_type=\"section\" data-settings=\"{&quot;stretch_section&quot;:&quot;section-stretched&quot;,&quot;animation&quot;:&quot;fadeInUp&quot;,&quot;_ha_eqh_enable&quot;:false}\">\n\t\t\t\t\t\t\t<div class=\"elementor-background-overlay\"><\/div>\n\t\t\t\t\t\t\t<div class=\"elementor-container elementor-column-gap-no\">\n\t\t\t\t\t<div class=\"has_eae_slider elementor-column elementor-col-100 elementor-top-column elementor-element elementor-element-a3e0d81\" data-id=\"a3e0d81\" data-element_type=\"column\">\n\t\t\t<div class=\"elementor-widget-wrap elementor-element-populated\">\n\t\t\t\t\t\t<div class=\"elementor-element elementor-element-da38822 elementor-invisible elementor-widget elementor-widget-heading\" data-id=\"da38822\" data-element_type=\"widget\" data-settings=\"{&quot;_animation&quot;:&quot;fadeInLeft&quot;,&quot;_animation_delay&quot;:300}\" data-widget_type=\"heading.default\">\n\t\t\t\t<div class=\"elementor-widget-container\">\n\t\t\t<h2 class=\"elementor-heading-title elementor-size-default\">usuwanie w\u0142\u00f3kniak\u00f3w<\/h2>\t\t<\/div>\n\t\t\t\t<\/div>\n\t\t\t\t<div class=\"elementor-element elementor-element-f39439a elementor-invisible elementor-widget elementor-widget-heading\" data-id=\"f39439a\" data-element_type=\"widget\" data-settings=\"{&quot;_animation&quot;:&quot;fadeInLeft&quot;,&quot;_animation_delay&quot;:300}\" data-widget_type=\"heading.default\">\n\t\t\t\t<div class=\"elementor-widget-container\">\n\t\t\t<span class=\"elementor-heading-title elementor-size-default\">W\u0142\u00f3kniaki s\u0105 powszechnym problemem i najcz\u0119\u015bciej nie s\u0105 gro\u017ane, pomimo tego, \u017ce s\u0105 to zmiany o charakterze nowotworowym. Wyst\u0119puj\u0105 w postaci charakterystycznych grudek o r\u00f3\u017cowym, czerwonym b\u0105d\u017a brunatnym zabarwieniu, zwykle na nogach, r\u0119kach, brzuchu i innych cz\u0119\u015bciach cia\u0142a (w przypadku w\u0142\u00f3kniak\u00f3w twardych) lub na szyi, twarzy czy plecach, pod postaci\u0105 charakterystycznych wypustek w cielistym kolorze (w przypadku w\u0142\u00f3kniak\u00f3w mi\u0119kkich).\n\n<\/span>\t\t<\/div>\n\t\t\t\t<\/div>\n\t\t\t\t<section class=\"has_eae_slider elementor-section elementor-inner-section elementor-element elementor-element-1a5083bf elementor-section-full_width elementor-section-height-default elementor-section-height-default elementor-invisible\" data-id=\"1a5083bf\" data-element_type=\"section\" data-settings=\"{&quot;animation&quot;:&quot;fadeIn&quot;,&quot;_ha_eqh_enable&quot;:false}\">\n\t\t\t\t\t\t<div class=\"elementor-container elementor-column-gap-default\">\n\t\t\t\t\t<div class=\"has_eae_slider elementor-column elementor-col-50 elementor-inner-column elementor-element elementor-element-42d1ba04 elementor-invisible\" data-id=\"42d1ba04\" data-element_type=\"column\" data-settings=\"{&quot;animation&quot;:&quot;fadeIn&quot;}\">\n\t\t\t<div class=\"elementor-widget-wrap elementor-element-populated\">\n\t\t\t\t\t\t<div class=\"elementor-element elementor-element-7936530d elementor-invisible elementor-widget elementor-widget-heading\" data-id=\"7936530d\" data-element_type=\"widget\" data-settings=\"{&quot;_animation&quot;:&quot;fadeInLeft&quot;,&quot;_animation_delay&quot;:400}\" data-widget_type=\"heading.default\">\n\t\t\t\t<div class=\"elementor-widget-container\">\n\t\t\t<h2 class=\"elementor-heading-title elementor-size-default\">W\u0142\u00f3kniaki mi\u0119kkie<\/h2>\t\t<\/div>\n\t\t\t\t<\/div>\n\t\t\t\t<div class=\"elementor-element elementor-element-29e49e36 elementor-invisible elementor-widget elementor-widget-text-editor\" data-id=\"29e49e36\" data-element_type=\"widget\" data-settings=\"{&quot;_animation&quot;:&quot;fadeInLeft&quot;,&quot;_animation_delay&quot;:400}\" data-widget_type=\"text-editor.default\">\n\t\t\t\t<div class=\"elementor-widget-container\">\n\t\t\t\t\t\t\t<ul><li><section class=\"desc desc-2\" data-point=\".desc-2\"><p><strong>W\u0142\u00f3kniaki mi\u0119kkie<\/strong>, s\u0105 raczej delikatne w dotyku i mniej widoczne ze wzgl\u0119du na to, \u017ce zwykle s\u0105 w kolorze sk\u00f3ry. W\u015br\u00f3d najcz\u0119\u015bciej wymienianych obszar\u00f3w wyst\u0119powania znajduj\u0105 si\u0119:<\/p><ul><li>szyja,<\/li><li>twarz,<\/li><li>pachy,<\/li><li>kark i plecy.<\/li><\/ul><p>Rozmiarem przewy\u017cszaj\u0105 cz\u0119sto w\u0142\u00f3kniaki twarde.<\/p><p>W\u015br\u00f3d rodzaj\u00f3w w\u0142\u00f3kniak\u00f3w wymienia si\u0119 tak\u017ce w\u0142\u00f3kniaki w piersiach oraz w\u0142\u00f3kniaki w jamie ustnej.<\/p><p>Na\u00a0<strong>usuwanie w\u0142\u00f3kniak\u00f3w<\/strong>\u00a0pacjenci decyduj\u0105 si\u0119 zazwyczaj ze wzgl\u0119d\u00f3w estetycznych, a w\u015br\u00f3d najcz\u0119\u015bciej stosowanych metod wyr\u00f3\u017cnia si\u0119 m.in. chirurgiczne lub laserowe usuni\u0119cie zmiany.<\/p><div class=\"artTeaser\"><div class=\"imgHolder\"><picture class=\"picture\"><source srcset=\"\/\/ocdn.eu\/pulscms-transforms\/1\/1Xrk9kqTURBXy82ZTc2NzM2MTJkYWY5OTJlZjU3YWJlODM1YTNlN2U4YS5qcGVnkpUDABXNA-jNAjOTBc0C6c0BkIGhMAU\" type=\"image\/webp\" \/><\/picture><\/div><\/div><\/section><section class=\"desc desc-3\" data-point=\".desc-3\"><h2>Przyczyny<\/h2><p><strong>W\u0142\u00f3kniak twardy<\/strong>\u00a0pojawia si\u0119 w wyniku:<\/p><ul><li>urazu,<\/li><li>uk\u0105szenia owada,<\/li><li>miejscowego stanu zapalnego,<\/li><li>golenia, jako nast\u0119pstwo wrastaj\u0105cych w\u0142osk\u00f3w.<\/li><\/ul><p>Z kolei\u00a0<strong>w\u0142\u00f3kniak mi\u0119kki<\/strong>\u00a0uznaje si\u0119 za zmian\u0119 o charakterze wrodzonym. Wyst\u0119puje jako nast\u0119pstwo przebytej przez pacjenta choroby (np. Recklinghausena).<\/p><\/section><\/li><\/ul>\t\t\t\t\t\t<\/div>\n\t\t\t\t<\/div>\n\t\t\t\t\t<\/div>\n\t\t<\/div>\n\t\t\t\t<div class=\"has_eae_slider elementor-column elementor-col-50 elementor-inner-column elementor-element elementor-element-6cf92a1e\" data-id=\"6cf92a1e\" data-element_type=\"column\">\n\t\t\t<div class=\"elementor-widget-wrap elementor-element-populated\">\n\t\t\t\t\t\t<div class=\"elementor-element elementor-element-1c0a4cdf elementor-invisible elementor-widget elementor-widget-image\" data-id=\"1c0a4cdf\" data-element_type=\"widget\" data-settings=\"{&quot;_animation&quot;:&quot;fadeInLeft&quot;}\" data-widget_type=\"image.default\">\n\t\t\t\t<div class=\"elementor-widget-container\">\n\t\t\t\t\t\t\t\t\t\t\t\t\t<img fetchpriority=\"high\" decoding=\"async\" width=\"1024\" height=\"514\" src=\"https:\/\/diamentspalodz.pl\/wp-content\/uploads\/2023\/05\/wmiekkie-1024x514.jpg\" class=\"attachment-large size-large wp-image-3008\" alt=\"\" srcset=\"https:\/\/diamentspalodz.pl\/wp-content\/uploads\/2023\/05\/wmiekkie-1024x514.jpg 1024w, https:\/\/diamentspalodz.pl\/wp-content\/uploads\/2023\/05\/wmiekkie-300x150.jpg 300w, https:\/\/diamentspalodz.pl\/wp-content\/uploads\/2023\/05\/wmiekkie-768x385.jpg 768w, https:\/\/diamentspalodz.pl\/wp-content\/uploads\/2023\/05\/wmiekkie-1536x770.jpg 1536w, https:\/\/diamentspalodz.pl\/wp-content\/uploads\/2023\/05\/wmiekkie.jpg 1962w\" sizes=\"(max-width: 1024px) 100vw, 1024px\" \/>\t\t\t\t\t\t\t\t\t\t\t\t\t<\/div>\n\t\t\t\t<\/div>\n\t\t\t\t\t<\/div>\n\t\t<\/div>\n\t\t\t\t\t<\/div>\n\t\t<\/section>\n\t\t\t\t<section class=\"has_eae_slider elementor-section elementor-inner-section elementor-element elementor-element-3eaf909 elementor-section-full_width elementor-section-height-default elementor-section-height-default elementor-invisible\" data-id=\"3eaf909\" data-element_type=\"section\" data-settings=\"{&quot;animation&quot;:&quot;fadeIn&quot;,&quot;_ha_eqh_enable&quot;:false}\">\n\t\t\t\t\t\t<div class=\"elementor-container elementor-column-gap-default\">\n\t\t\t\t\t<div class=\"has_eae_slider elementor-column elementor-col-50 elementor-inner-column elementor-element elementor-element-73fbdf2 elementor-invisible\" data-id=\"73fbdf2\" data-element_type=\"column\" data-settings=\"{&quot;animation&quot;:&quot;fadeIn&quot;}\">\n\t\t\t<div class=\"elementor-widget-wrap elementor-element-populated\">\n\t\t\t\t\t\t<div class=\"elementor-element elementor-element-8de05b8 elementor-invisible elementor-widget elementor-widget-heading\" data-id=\"8de05b8\" data-element_type=\"widget\" data-settings=\"{&quot;_animation&quot;:&quot;fadeInLeft&quot;,&quot;_animation_delay&quot;:400}\" data-widget_type=\"heading.default\">\n\t\t\t\t<div class=\"elementor-widget-container\">\n\t\t\t<h2 class=\"elementor-heading-title elementor-size-default\">W\u0142\u00f3kniaki twarde<\/h2>\t\t<\/div>\n\t\t\t\t<\/div>\n\t\t\t\t<div class=\"elementor-element elementor-element-7e26650 elementor-invisible elementor-widget elementor-widget-text-editor\" data-id=\"7e26650\" data-element_type=\"widget\" data-settings=\"{&quot;_animation&quot;:&quot;fadeInLeft&quot;,&quot;_animation_delay&quot;:400}\" data-widget_type=\"text-editor.default\">\n\t\t\t\t<div class=\"elementor-widget-container\">\n\t\t\t\t\t\t\t<section class=\"desc desc-2\" data-point=\".desc-2\"><p><strong>W\u0142\u00f3kniaki twarde<\/strong>, zazwyczaj s\u0105 mniejsze od w\u0142\u00f3kniak\u00f3w mi\u0119kkich. Zmiany tego typu wyst\u0119puj\u0105 najcz\u0119\u015bciej pojedynczo, a szczeg\u00f3lnie cz\u0119sto pojawiaj\u0105 si\u0119 na ko\u0144czynach i nierzadko przybywa ich wraz z wiekiem. Problem dotyczy zar\u00f3wno kobiet, jak i m\u0119\u017cczyzn.<\/p><\/section>\t\t\t\t\t\t<\/div>\n\t\t\t\t<\/div>\n\t\t\t\t\t<\/div>\n\t\t<\/div>\n\t\t\t\t<div class=\"has_eae_slider elementor-column elementor-col-50 elementor-inner-column elementor-element elementor-element-aedf78b\" data-id=\"aedf78b\" data-element_type=\"column\">\n\t\t\t<div class=\"elementor-widget-wrap elementor-element-populated\">\n\t\t\t\t\t\t<div class=\"elementor-element elementor-element-a74a80e elementor-invisible elementor-widget elementor-widget-image\" data-id=\"a74a80e\" data-element_type=\"widget\" data-settings=\"{&quot;_animation&quot;:&quot;fadeInLeft&quot;}\" data-widget_type=\"image.default\">\n\t\t\t\t<div class=\"elementor-widget-container\">\n\t\t\t\t\t\t\t\t\t\t\t\t\t<img decoding=\"async\" width=\"1024\" height=\"497\" src=\"https:\/\/diamentspalodz.pl\/wp-content\/uploads\/2023\/05\/wt-1024x497.jpg\" class=\"attachment-large size-large wp-image-3009\" alt=\"usuwanie w\u0142\u00f3kniak\u00f3w\" srcset=\"https:\/\/diamentspalodz.pl\/wp-content\/uploads\/2023\/05\/wt-1024x497.jpg 1024w, https:\/\/diamentspalodz.pl\/wp-content\/uploads\/2023\/05\/wt-300x146.jpg 300w, https:\/\/diamentspalodz.pl\/wp-content\/uploads\/2023\/05\/wt-768x373.jpg 768w, https:\/\/diamentspalodz.pl\/wp-content\/uploads\/2023\/05\/wt-1536x745.jpg 1536w, https:\/\/diamentspalodz.pl\/wp-content\/uploads\/2023\/05\/wt-2048x993.jpg 2048w\" sizes=\"(max-width: 1024px) 100vw, 1024px\" \/>\t\t\t\t\t\t\t\t\t\t\t\t\t<\/div>\n\t\t\t\t<\/div>\n\t\t\t\t\t<\/div>\n\t\t<\/div>\n\t\t\t\t\t<\/div>\n\t\t<\/section>\n\t\t\t\t\t<\/div>\n\t\t<\/div>\n\t\t\t\t\t<\/div>\n\t\t<\/section>\n\t\t\t\t<\/div>\n\t\t","protected":false},"excerpt":{"rendered":"<p>usuwanie w\u0142\u00f3kniak\u00f3w W\u0142\u00f3kniaki s\u0105 powszechnym problemem i najcz\u0119\u015bciej nie s\u0105 gro\u017ane, pomimo tego, \u017ce s\u0105 to zmiany o charakterze nowotworowym. Wyst\u0119puj\u0105 w postaci charakterystycznych grudek o r\u00f3\u017cowym, czerwonym b\u0105d\u017a brunatnym zabarwieniu, zwykle na nogach, r\u0119kach, brzuchu i innych cz\u0119\u015bciach cia\u0142a (w przypadku w\u0142\u00f3kniak\u00f3w twardych) lub na szyi, twarzy czy plecach, pod postaci\u0105 charakterystycznych wypustek w [&hellip;]<\/p>\n","protected":false},"author":1,"featured_media":0,"parent":0,"menu_order":0,"comment_status":"closed","ping_status":"closed","template":"","meta":{"footnotes":""},"class_list":["post-3002","page","type-page","status-publish","hentry","entry"],"yoast_head":"<!-- This site is optimized with the Yoast SEO plugin v19.7.2 - https:\/\/yoast.com\/wordpress\/plugins\/seo\/ -->\n<title>USUWANIE W\u0141\u00d3KNIAK\u00d3W - Diament body &amp; mind spa \u0141\u00f3d\u017a<\/title>\n<meta name=\"description\" content=\"Usuwanie w\u0142\u00f3kniak\u00f3w. W\u0142\u00f3kniaki s\u0105 powszechnym problemem i najcz\u0119\u015bciej nie s\u0105 gro\u017ane, pomimo tego, \u017ce s\u0105 to zmiany o charakterze nowotworowym. Wyst\u0119puj\u0105 w postaci charakterystycznych grudek.\" \/>\n<meta name=\"robots\" content=\"index, follow, max-snippet:-1, max-image-preview:large, max-video-preview:-1\" \/>\n<link rel=\"canonical\" href=\"https:\/\/diamentspalodz.pl\/index.php\/usuwanie-wlokniakow\/\" \/>\n<meta property=\"og:locale\" content=\"pl_PL\" \/>\n<meta property=\"og:type\" content=\"article\" \/>\n<meta property=\"og:title\" content=\"USUWANIE W\u0141\u00d3KNIAK\u00d3W - Diament body &amp; mind spa \u0141\u00f3d\u017a\" \/>\n<meta property=\"og:description\" content=\"Usuwanie w\u0142\u00f3kniak\u00f3w. W\u0142\u00f3kniaki s\u0105 powszechnym problemem i najcz\u0119\u015bciej nie s\u0105 gro\u017ane, pomimo tego, \u017ce s\u0105 to zmiany o charakterze nowotworowym. Wyst\u0119puj\u0105 w postaci charakterystycznych grudek.\" \/>\n<meta property=\"og:url\" content=\"https:\/\/diamentspalodz.pl\/index.php\/usuwanie-wlokniakow\/\" \/>\n<meta property=\"og:site_name\" content=\"Diament body &amp; mind spa \u0141\u00f3d\u017a\" \/>\n<meta property=\"article:modified_time\" content=\"2025-01-14T11:11:51+00:00\" \/>\n<meta property=\"og:image\" content=\"https:\/\/diamentspalodz.pl\/wp-content\/uploads\/2023\/05\/wmiekkie-1024x514.jpg\" \/>\n<meta name=\"twitter:card\" content=\"summary_large_image\" \/>\n<meta name=\"twitter:label1\" content=\"Szacowany czas czytania\" \/>\n\t<meta name=\"twitter:data1\" content=\"2 minuty\" \/>\n<script type=\"application\/ld+json\" class=\"yoast-schema-graph\">{\"@context\":\"https:\/\/schema.org\",\"@graph\":[{\"@type\":\"WebPage\",\"@id\":\"https:\/\/diamentspalodz.pl\/index.php\/usuwanie-wlokniakow\/\",\"url\":\"https:\/\/diamentspalodz.pl\/index.php\/usuwanie-wlokniakow\/\",\"name\":\"USUWANIE W\u0141\u00d3KNIAK\u00d3W - Diament body &amp; mind spa \u0141\u00f3d\u017a\",\"isPartOf\":{\"@id\":\"https:\/\/diamentspalodz.pl\/#website\"},\"datePublished\":\"2023-05-09T14:05:01+00:00\",\"dateModified\":\"2025-01-14T11:11:51+00:00\",\"description\":\"Usuwanie w\u0142\u00f3kniak\u00f3w. W\u0142\u00f3kniaki s\u0105 powszechnym problemem i najcz\u0119\u015bciej nie s\u0105 gro\u017ane, pomimo tego, \u017ce s\u0105 to zmiany o charakterze nowotworowym. Wyst\u0119puj\u0105 w postaci charakterystycznych grudek.\",\"breadcrumb\":{\"@id\":\"https:\/\/diamentspalodz.pl\/index.php\/usuwanie-wlokniakow\/#breadcrumb\"},\"inLanguage\":\"pl-PL\",\"potentialAction\":[{\"@type\":\"ReadAction\",\"target\":[\"https:\/\/diamentspalodz.pl\/index.php\/usuwanie-wlokniakow\/\"]}]},{\"@type\":\"BreadcrumbList\",\"@id\":\"https:\/\/diamentspalodz.pl\/index.php\/usuwanie-wlokniakow\/#breadcrumb\",\"itemListElement\":[{\"@type\":\"ListItem\",\"position\":1,\"name\":\"Strona g\u0142\u00f3wna\",\"item\":\"https:\/\/diamentspalodz.pl\/\"},{\"@type\":\"ListItem\",\"position\":2,\"name\":\"USUWANIE W\u0141\u00d3KNIAK\u00d3W\"}]},{\"@type\":\"WebSite\",\"@id\":\"https:\/\/diamentspalodz.pl\/#website\",\"url\":\"https:\/\/diamentspalodz.pl\/\",\"name\":\"Diament body &amp; mind spa \u0141\u00f3d\u017a\",\"description\":\"Spa w \u0141odzi, salon kosmetyczny, zabiegi na twarz i cia\u0142o, odchudzanie, odm\u0142adzanie, brwi permanentne, trychologia, likwidacja zmarszczek, lifting twarzy, modelowanie sylwetki, lipoliza, spalanie t\u0142uszczu, likwidacja cellulitu\",\"publisher\":{\"@id\":\"https:\/\/diamentspalodz.pl\/#organization\"},\"potentialAction\":[{\"@type\":\"SearchAction\",\"target\":{\"@type\":\"EntryPoint\",\"urlTemplate\":\"https:\/\/diamentspalodz.pl\/?s={search_term_string}\"},\"query-input\":\"required name=search_term_string\"}],\"inLanguage\":\"pl-PL\"},{\"@type\":\"Organization\",\"@id\":\"https:\/\/diamentspalodz.pl\/#organization\",\"name\":\"Diament body &amp; mind spa \u0141\u00f3d\u017a\",\"url\":\"https:\/\/diamentspalodz.pl\/\",\"sameAs\":[],\"logo\":{\"@type\":\"ImageObject\",\"inLanguage\":\"pl-PL\",\"@id\":\"https:\/\/diamentspalodz.pl\/#\/schema\/logo\/image\/\",\"url\":\"https:\/\/diamentspalodz.pl\/wp-content\/uploads\/2022\/10\/logo-dlugie-2.png\",\"contentUrl\":\"https:\/\/diamentspalodz.pl\/wp-content\/uploads\/2022\/10\/logo-dlugie-2.png\",\"width\":267,\"height\":61,\"caption\":\"Diament body &amp; mind spa \u0141\u00f3d\u017a\"},\"image\":{\"@id\":\"https:\/\/diamentspalodz.pl\/#\/schema\/logo\/image\/\"}}]}<\/script>\n<!-- \/ Yoast SEO plugin. -->","yoast_head_json":{"title":"USUWANIE W\u0141\u00d3KNIAK\u00d3W - Diament body &amp; mind spa \u0141\u00f3d\u017a","description":"Usuwanie w\u0142\u00f3kniak\u00f3w. W\u0142\u00f3kniaki s\u0105 powszechnym problemem i najcz\u0119\u015bciej nie s\u0105 gro\u017ane, pomimo tego, \u017ce s\u0105 to zmiany o charakterze nowotworowym. Wyst\u0119puj\u0105 w postaci charakterystycznych grudek.","robots":{"index":"index","follow":"follow","max-snippet":"max-snippet:-1","max-image-preview":"max-image-preview:large","max-video-preview":"max-video-preview:-1"},"canonical":"https:\/\/diamentspalodz.pl\/index.php\/usuwanie-wlokniakow\/","og_locale":"pl_PL","og_type":"article","og_title":"USUWANIE W\u0141\u00d3KNIAK\u00d3W - Diament body &amp; mind spa \u0141\u00f3d\u017a","og_description":"Usuwanie w\u0142\u00f3kniak\u00f3w. W\u0142\u00f3kniaki s\u0105 powszechnym problemem i najcz\u0119\u015bciej nie s\u0105 gro\u017ane, pomimo tego, \u017ce s\u0105 to zmiany o charakterze nowotworowym. Wyst\u0119puj\u0105 w postaci charakterystycznych grudek.","og_url":"https:\/\/diamentspalodz.pl\/index.php\/usuwanie-wlokniakow\/","og_site_name":"Diament body &amp; mind spa \u0141\u00f3d\u017a","article_modified_time":"2025-01-14T11:11:51+00:00","og_image":[{"url":"https:\/\/diamentspalodz.pl\/wp-content\/uploads\/2023\/05\/wmiekkie-1024x514.jpg"}],"twitter_card":"summary_large_image","twitter_misc":{"Szacowany czas czytania":"2 minuty"},"schema":{"@context":"https:\/\/schema.org","@graph":[{"@type":"WebPage","@id":"https:\/\/diamentspalodz.pl\/index.php\/usuwanie-wlokniakow\/","url":"https:\/\/diamentspalodz.pl\/index.php\/usuwanie-wlokniakow\/","name":"USUWANIE W\u0141\u00d3KNIAK\u00d3W - Diament body &amp; mind spa \u0141\u00f3d\u017a","isPartOf":{"@id":"https:\/\/diamentspalodz.pl\/#website"},"datePublished":"2023-05-09T14:05:01+00:00","dateModified":"2025-01-14T11:11:51+00:00","description":"Usuwanie w\u0142\u00f3kniak\u00f3w. W\u0142\u00f3kniaki s\u0105 powszechnym problemem i najcz\u0119\u015bciej nie s\u0105 gro\u017ane, pomimo tego, \u017ce s\u0105 to zmiany o charakterze nowotworowym. Wyst\u0119puj\u0105 w postaci charakterystycznych grudek.","breadcrumb":{"@id":"https:\/\/diamentspalodz.pl\/index.php\/usuwanie-wlokniakow\/#breadcrumb"},"inLanguage":"pl-PL","potentialAction":[{"@type":"ReadAction","target":["https:\/\/diamentspalodz.pl\/index.php\/usuwanie-wlokniakow\/"]}]},{"@type":"BreadcrumbList","@id":"https:\/\/diamentspalodz.pl\/index.php\/usuwanie-wlokniakow\/#breadcrumb","itemListElement":[{"@type":"ListItem","position":1,"name":"Strona g\u0142\u00f3wna","item":"https:\/\/diamentspalodz.pl\/"},{"@type":"ListItem","position":2,"name":"USUWANIE W\u0141\u00d3KNIAK\u00d3W"}]},{"@type":"WebSite","@id":"https:\/\/diamentspalodz.pl\/#website","url":"https:\/\/diamentspalodz.pl\/","name":"Diament body &amp; mind spa \u0141\u00f3d\u017a","description":"Spa w \u0141odzi, salon kosmetyczny, zabiegi na twarz i cia\u0142o, odchudzanie, odm\u0142adzanie, brwi permanentne, trychologia, likwidacja zmarszczek, lifting twarzy, modelowanie sylwetki, lipoliza, spalanie t\u0142uszczu, likwidacja cellulitu","publisher":{"@id":"https:\/\/diamentspalodz.pl\/#organization"},"potentialAction":[{"@type":"SearchAction","target":{"@type":"EntryPoint","urlTemplate":"https:\/\/diamentspalodz.pl\/?s={search_term_string}"},"query-input":"required name=search_term_string"}],"inLanguage":"pl-PL"},{"@type":"Organization","@id":"https:\/\/diamentspalodz.pl\/#organization","name":"Diament body &amp; mind spa \u0141\u00f3d\u017a","url":"https:\/\/diamentspalodz.pl\/","sameAs":[],"logo":{"@type":"ImageObject","inLanguage":"pl-PL","@id":"https:\/\/diamentspalodz.pl\/#\/schema\/logo\/image\/","url":"https:\/\/diamentspalodz.pl\/wp-content\/uploads\/2022\/10\/logo-dlugie-2.png","contentUrl":"https:\/\/diamentspalodz.pl\/wp-content\/uploads\/2022\/10\/logo-dlugie-2.png","width":267,"height":61,"caption":"Diament body &amp; mind spa \u0141\u00f3d\u017a"},"image":{"@id":"https:\/\/diamentspalodz.pl\/#\/schema\/logo\/image\/"}}]}},"_links":{"self":[{"href":"https:\/\/diamentspalodz.pl\/index.php\/wp-json\/wp\/v2\/pages\/3002","targetHints":{"allow":["GET"]}}],"collection":[{"href":"https:\/\/diamentspalodz.pl\/index.php\/wp-json\/wp\/v2\/pages"}],"about":[{"href":"https:\/\/diamentspalodz.pl\/index.php\/wp-json\/wp\/v2\/types\/page"}],"author":[{"embeddable":true,"href":"https:\/\/diamentspalodz.pl\/index.php\/wp-json\/wp\/v2\/users\/1"}],"replies":[{"embeddable":true,"href":"https:\/\/diamentspalodz.pl\/index.php\/wp-json\/wp\/v2\/comments?post=3002"}],"version-history":[{"count":7,"href":"https:\/\/diamentspalodz.pl\/index.php\/wp-json\/wp\/v2\/pages\/3002\/revisions"}],"predecessor-version":[{"id":3012,"href":"https:\/\/diamentspalodz.pl\/index.php\/wp-json\/wp\/v2\/pages\/3002\/revisions\/3012"}],"wp:attachment":[{"href":"https:\/\/diamentspalodz.pl\/index.php\/wp-json\/wp\/v2\/media?parent=3002"}],"curies":[{"name":"wp","href":"https:\/\/api.w.org\/{rel}","templated":true}]}}