{"id":3545,"date":"2024-01-24T08:44:58","date_gmt":"2024-01-24T07:44:58","guid":{"rendered":"https:\/\/diamentspalodz.pl\/?page_id=3545"},"modified":"2025-01-14T12:15:59","modified_gmt":"2025-01-14T11:15:59","slug":"pielegnacja-skory-naczynkowej","status":"publish","type":"page","link":"https:\/\/diamentspalodz.pl\/index.php\/pielegnacja-skory-naczynkowej\/","title":{"rendered":"Piel\u0119gnacja sk\u00f3ry naczynkowej"},"content":{"rendered":"\t\t<div data-elementor-type=\"wp-page\" data-elementor-id=\"3545\" class=\"elementor elementor-3545\">\n\t\t\t\t\t\t<section class=\"has_eae_slider elementor-section elementor-top-section elementor-element elementor-element-ad1a8f2 elementor-section-content-middle elementor-section-stretched elementor-section-boxed elementor-section-height-default elementor-section-height-default\" data-id=\"ad1a8f2\" data-element_type=\"section\" data-settings=\"{&quot;stretch_section&quot;:&quot;section-stretched&quot;,&quot;background_background&quot;:&quot;slideshow&quot;,&quot;background_slideshow_slide_transition&quot;:&quot;slide_left&quot;,&quot;background_slideshow_gallery&quot;:[],&quot;background_slideshow_loop&quot;:&quot;yes&quot;,&quot;background_slideshow_slide_duration&quot;:5000,&quot;background_slideshow_transition_duration&quot;:500,&quot;_ha_eqh_enable&quot;:false}\">\n\t\t\t\t\t\t\t<div class=\"elementor-background-overlay\"><\/div>\n\t\t\t\t\t\t\t<div class=\"elementor-container elementor-column-gap-no\">\n\t\t\t\t\t<div class=\"has_eae_slider elementor-column elementor-col-100 elementor-top-column elementor-element elementor-element-a6b294b\" data-id=\"a6b294b\" data-element_type=\"column\">\n\t\t\t<div class=\"elementor-widget-wrap elementor-element-populated\">\n\t\t\t\t\t\t<div class=\"elementor-element elementor-element-32d6027 elementor-widget elementor-widget-menu-anchor\" data-id=\"32d6027\" data-element_type=\"widget\" data-widget_type=\"menu-anchor.default\">\n\t\t\t\t<div class=\"elementor-widget-container\">\n\t\t\t\t\t<div class=\"elementor-menu-anchor\" id=\"dermomasaz\"><\/div>\n\t\t\t\t<\/div>\n\t\t\t\t<\/div>\n\t\t\t\t<div class=\"elementor-element elementor-element-dff8289 elementor-invisible elementor-widget elementor-widget-heading\" data-id=\"dff8289\" data-element_type=\"widget\" data-settings=\"{&quot;_animation&quot;:&quot;fadeInLeft&quot;,&quot;_animation_delay&quot;:300}\" data-widget_type=\"heading.default\">\n\t\t\t\t<div class=\"elementor-widget-container\">\n\t\t\t<h2 class=\"elementor-heading-title elementor-size-default\">PIEL\u0118GNACJA SK\u00d3RY NACZYNKOWEJ<\/h2>\t\t<\/div>\n\t\t\t\t<\/div>\n\t\t\t\t<section class=\"has_eae_slider elementor-section elementor-inner-section elementor-element elementor-element-da71606 elementor-section-boxed elementor-section-height-default elementor-section-height-default elementor-invisible\" data-id=\"da71606\" data-element_type=\"section\" data-settings=\"{&quot;animation&quot;:&quot;fadeIn&quot;,&quot;_ha_eqh_enable&quot;:false}\">\n\t\t\t\t\t\t<div class=\"elementor-container elementor-column-gap-default\">\n\t\t\t\t\t<div class=\"has_eae_slider elementor-column elementor-col-50 elementor-inner-column elementor-element elementor-element-56516ca elementor-invisible\" data-id=\"56516ca\" data-element_type=\"column\" data-settings=\"{&quot;animation&quot;:&quot;fadeIn&quot;}\">\n\t\t\t<div class=\"elementor-widget-wrap elementor-element-populated\">\n\t\t\t\t\t\t<div class=\"elementor-element elementor-element-3b56925 elementor-invisible elementor-widget elementor-widget-heading\" data-id=\"3b56925\" data-element_type=\"widget\" data-settings=\"{&quot;_animation&quot;:&quot;fadeInLeft&quot;,&quot;_animation_delay&quot;:400}\" data-widget_type=\"heading.default\">\n\t\t\t\t<div class=\"elementor-widget-container\">\n\t\t\t<h2 class=\"elementor-heading-title elementor-size-default\">Cera naczynkowa<\/h2>\t\t<\/div>\n\t\t\t\t<\/div>\n\t\t\t\t<div class=\"elementor-element elementor-element-cf5acb5 elementor-invisible elementor-widget elementor-widget-text-editor\" data-id=\"cf5acb5\" data-element_type=\"widget\" data-settings=\"{&quot;_animation&quot;:&quot;fadeInLeft&quot;,&quot;_animation_delay&quot;:400}\" data-widget_type=\"text-editor.default\">\n\t\t\t\t<div class=\"elementor-widget-container\">\n\t\t\t\t\t\t\t<div class=\"elementor-column elementor-col-50 elementor-inner-column elementor-element elementor-element-65d3293b\" data-id=\"65d3293b\" data-element_type=\"column\"><div class=\"elementor-widget-wrap elementor-element-populated\"><div class=\"elementor-element elementor-element-55de036f elementor-icon-list--layout-traditional elementor-list-item-link-full_width elementor-widget elementor-widget-icon-list\" data-id=\"55de036f\" data-element_type=\"widget\" data-widget_type=\"icon-list.default\"><div class=\"elementor-widget-container\"><div class=\"element_box\"><div class=\"tekst \"><p style=\"text-align: left;\">Cera naczynkowa to rodzaj sk\u00f3ry o przewlek\u0142ym zaczerwienieniu. Bardziej reaguje na produkty kosmetyczne i czynniki zewn\u0119trzne, pijawiaj\u0105 si\u0119 paj\u0105czki na sk\u00f3rze twarzy.<\/p><\/div><\/div><div class=\"element_box\" style=\"text-align: left;\"><div class=\"tekst \"><p>Aby zadba\u0107 o cer\u0119 naczynkow\u0105 potrzebna jest codzienna piel\u0119gnacja oparta na delikatnych kosmetykach. Sk\u00f3ra naczyniowa potrzebuje specjalnego podej\u015bcia. Nale\u017cy skupi\u0107 si\u0119 na \u0142agodzeniu podra\u017cnie\u0144, nawil\u017ceniu i wzmacnianiu naczy\u0144.<\/p><p>Nale\u017cy unika\u0107 ekspozycji na promieniowanie UV\u00a0czy u\u017cywanie kosmetyk\u00f3w o wysokim potencjale dra\u017cni\u0105cym.<\/p><\/div><\/div><div class=\"element_box\" style=\"text-align: left;\"><div class=\"tekst \"><p>Podstaw\u0105 s\u0105 kosmetyki o dzia\u0142aniu \u0142agodz\u0105cym, nawil\u017caj\u0105cym i regeneruj\u0105cym.\u00a0<\/p><\/div><\/div><div class=\"element_box\" style=\"text-align: left;\"><div id=\"elem69894\" class=\"img-container-zdjecie\"><div class=\"img-container-zdjecie-inner\"><p>Aby szybko z\u0142agodzi\u0107 podra\u017cnienia, swoj\u0105 rol\u0119 spe\u0142ni\u0107 mog\u0105 r\u00f3wnie\u017c maski w p\u0142achcie.<\/p><\/div><\/div><\/div><div class=\"element_box\" style=\"text-align: left;\"><div class=\"tekst \">\u00a0<\/div><\/div><div class=\"element_box\" style=\"text-align: left;\"><div id=\"elem69900\" class=\"img-container-zdjecie\"><div class=\"img-container-zdjecie-inner\">\u00a0<\/div><\/div><\/div><div class=\"element_box\" style=\"text-align: left;\"><div class=\"tekst \"><strong>Jak wygl\u0105da cera naczynkowa?<\/strong><\/div><div>\u00a0<\/div><\/div><div class=\"element_box\" style=\"text-align: left;\"><div class=\"tekst \"><p><strong>Cera naczynkowa -rozpoznanie:<\/strong><\/p><\/div><\/div><div class=\"element_box\" style=\"text-align: left;\"><div class=\"tekst \"><ul><li>widoczne naczynia krwiono\u015bne<\/li><li>sk\u0142onno\u015b\u0107 do zaczerwienie\u0144<\/li><li>nadmierna wra\u017cliwo\u015b\u0107<\/li><li>podatno\u015b\u0107 na podra\u017cnienia<\/li><\/ul><\/div><\/div><div class=\"element_box\" style=\"text-align: left;\"><div class=\"tekst \"><p>Nie ka\u017cda cera naczyniowa wygl\u0105da tak samo. Czasem niekt\u00f3re cechy mog\u0105 okaza\u0107 si\u0119 bardziej dominuj\u0105ce od innych. Dzia\u0142anie musi by\u0107 dopasowane do indywidualnych cech sk\u00f3ry, tego, czy jest sucha, t\u0142usta czy mieszana.<\/p><\/div><\/div><div class=\"element_box\" style=\"text-align: left;\"><div class=\"tekst \"><p>Dochodzi tu r\u00f3wnie\u017c do rozwoju tr\u0105dziku <strong>r\u00f3\u017cowatego.<\/strong><\/p><\/div><\/div><div class=\"element_box\" style=\"text-align: left;\"><div class=\"tekst \"><p><span style=\"text-decoration: underline;\"><strong>Tr\u0105dzik r\u00f3\u017cowaty<\/strong><\/span><\/p><p>to przewlek\u0142a choroba dermatologiczna o pod\u0142o\u017cu zapalnym.\u00a0<\/p><\/div><\/div><div class=\"element_box\" style=\"text-align: left;\"><div class=\"tekst \"><p>W pierwszych fazach tr\u0105dziku r\u00f3\u017cowatego zaczerwienieniu ulegaj\u0105 centralne obszary twarzy: czo\u0142o, nos, policzki i broda. Zaczerwienieniu towarzyszy\u00a0 uczucie napi\u0119cia sk\u00f3ry, umiarkowany \u015bwi\u0105d oraz uczucie szczypania lub pieczenia.<\/p><\/div><\/div><div class=\"element_box\" style=\"text-align: left;\"><div class=\"tekst \"><p>Na pocz\u0105tku te symptomy utrzymuj\u0105 si\u0119 przez kilkana\u015bcie minut. Z czasem objawy staj\u0105 si\u0119 bardziej sta\u0142e i trwa\u0142e. W kolejnym etapie choroby pojawiaj\u0105 si\u0119 r\u00f3wnie\u017c grudki, krosty i obrz\u0119k twarzy.<\/p><p>Jak dba\u0107 o cer\u0119 naczynkow\u0105 z tr\u0105dzikiem r\u00f3\u017cowatym?<\/p><\/div><\/div><div class=\"element_box\" style=\"text-align: left;\"><div class=\"tekst \"><p>Dzia\u0142anie powinno by\u0107 podobne jak w przypadku delikatnej cery naczyniowej, lecz g\u0142\u00f3wnie dzia\u0142anie przeciwzapalne.<\/p><p>Jednym ze sk\u0142adnik\u00f3w, kt\u00f3ry dobrze sprawdza si\u0119 r\u00f3wnie\u017c przy pojawieniu si\u0119 zmian, jest kwas azelainowy.<\/p><\/div><\/div><div class=\"element_box\" style=\"text-align: left;\"><div class=\"tekst \">\u00a0<\/div><\/div><div class=\"element_box\" style=\"text-align: left;\"><div class=\"tekst \">\u00a0<\/div><\/div><div class=\"element_box\" style=\"text-align: left;\"><div class=\"tekst \"><h2 id=\"JAKIE_KOSMETYKI_DO_CERY_NACZYNKOWEJ_BEDA_WLASCIWE\">Jakie kosmetyki do cery naczynkowej b\u0119d\u0105 w\u0142a\u015bciwe?<\/h2><p>Przy wyborze produkt\u00f3w do oczyszczania sk\u00f3ry naczyniowej zaleca si\u0119 wyb\u00f3r kosmetyk\u00f3w o \u0142agodnych formu\u0142ach. W oczyszczaniu dobrze sprawdz\u0105 si\u0119 delikatne \u017cele, pianki, emulsje czy kremy. Warto zwraca\u0107 uwag\u0119 na sk\u0142adniki nawil\u017caj\u0105ce i koj\u0105ce, takie jak alantoina, panthenol czy ekstrakty ro\u015blinne, kt\u00f3re pomagaj\u0105 utrzyma\u0107 odpowiedni poziom nawil\u017cenia i \u0142agodz\u0105 ewentualne podra\u017cnienia. W oczyszczaniu najlepiej unika\u0107 stosowania p\u0142atk\u00f3w kosmetycznych i u\u017cywa\u0107 letniej, nie gor\u0105cej wody.<\/p><\/div><\/div><div class=\"element_box\" style=\"text-align: left;\"><div class=\"tekst \">\u00a0<\/div><\/div><div class=\"element_box\" style=\"text-align: left;\"><div class=\"tekst \"><p>Kolejnym krokiem po \u0142agodnym oczyszczaniu jest aplikacja toniku.\u00a0Tonik do cery naczynkowej\u00a0nie jest w tym przypadku konieczno\u015bci\u0105, gdy\u017c czasami zbyt du\u017ca ilo\u015b\u0107 kosmetyk\u00f3w mo\u017ce zwi\u0119kszy\u0107 szanse na pojawienie si\u0119 podra\u017cnienia lub alergii. Produkt tego typu powinien mie\u0107 g\u0142\u00f3wnie dzia\u0142anie nawil\u017caj\u0105ce i tonizuj\u0105ce.<\/p><\/div><\/div><div class=\"element_box\" style=\"text-align: left;\"><div class=\"tekst \"><p>Nast\u0119pnym etapem piel\u0119gnacji, kt\u00f3ry mo\u017ce nast\u0105pi\u0107 po aplikacji toniku lub zwyczajnie go zast\u0105pi\u0107 jest serum. Odpowiednio dobrany kosmetyk o lekkiej, otulaj\u0105cej, koj\u0105cej formule dobrze wspiera \u0142agodzenie podra\u017cnie\u0144, redukcj\u0119 zaczerwienie\u0144 i niedoskona\u0142o\u015bci.<\/p><\/div><\/div><div class=\"element_box\"><div class=\"tekst \"><h2 id=\"CO_POWINNA_UWZGLEDNIAC_PIELEGNACJA_CERY_NACZYNKOWEJ\" style=\"text-align: left;\"><strong>Co powinna uwzgl\u0119dnia\u0107 piel\u0119gnacja cery naczynkowej?<\/strong><\/h2><p style=\"text-align: left;\">Kolejnym bardzo istotnym krokiem w tym jak piel\u0119gnowa\u0107 cer\u0119 naczynkow\u0105, jest dobranie odpowiedniego kremu nawil\u017caj\u0105cego.<\/p><\/div><\/div><\/div><\/div><\/div><\/div>\t\t\t\t\t\t<\/div>\n\t\t\t\t<\/div>\n\t\t\t\t\t<\/div>\n\t\t<\/div>\n\t\t\t\t<div class=\"has_eae_slider elementor-column elementor-col-50 elementor-inner-column elementor-element elementor-element-be18429 elementor-invisible\" data-id=\"be18429\" data-element_type=\"column\" data-settings=\"{&quot;animation&quot;:&quot;fadeIn&quot;}\">\n\t\t\t<div class=\"elementor-widget-wrap elementor-element-populated\">\n\t\t\t\t\t\t<div class=\"elementor-element elementor-element-e9f14d5 elementor-widget elementor-widget-image\" data-id=\"e9f14d5\" data-element_type=\"widget\" data-widget_type=\"image.default\">\n\t\t\t\t<div class=\"elementor-widget-container\">\n\t\t\t\t\t\t\t\t\t\t\t\t\t<img fetchpriority=\"high\" decoding=\"async\" width=\"348\" height=\"145\" src=\"https:\/\/diamentspalodz.pl\/wp-content\/uploads\/2024\/01\/images-1.jpg\" class=\"attachment-large size-large wp-image-3550\" alt=\"sk\u00f3ra naczynkowa likwidacja\" srcset=\"https:\/\/diamentspalodz.pl\/wp-content\/uploads\/2024\/01\/images-1.jpg 348w, https:\/\/diamentspalodz.pl\/wp-content\/uploads\/2024\/01\/images-1-300x125.jpg 300w\" sizes=\"(max-width: 348px) 100vw, 348px\" \/>\t\t\t\t\t\t\t\t\t\t\t\t\t<\/div>\n\t\t\t\t<\/div>\n\t\t\t\t\t<\/div>\n\t\t<\/div>\n\t\t\t\t\t<\/div>\n\t\t<\/section>\n\t\t\t\t<div class=\"elementor-element elementor-element-d14f3f8 elementor-widget-divider--separator-type-pattern elementor-widget-divider--no-spacing elementor-widget-divider--view-line elementor-invisible elementor-widget elementor-widget-divider\" data-id=\"d14f3f8\" data-element_type=\"widget\" data-settings=\"{&quot;_animation&quot;:&quot;zoomIn&quot;,&quot;_animation_mobile&quot;:&quot;zoomInUp&quot;}\" data-widget_type=\"divider.default\">\n\t\t\t\t<div class=\"elementor-widget-container\">\n\t\t\t\t\t<div class=\"elementor-divider\" style=\"--divider-pattern-url: url(&quot;data:image\/svg+xml,%3Csvg xmlns=&#039;http:\/\/www.w3.org\/2000\/svg&#039; preserveAspectRatio=&#039;xMidYMid meet&#039; overflow=&#039;visible&#039; height=&#039;100%&#039; viewBox=&#039;0 0 126 26&#039; fill=&#039;black&#039; stroke=&#039;none&#039;%3E%3Cpath d=&#039;M10.7,6l2.5,2.6l-4,4.3l4,5.4l-2.5,1.9l-4.5-5.2l-3.9,4.2L0.7,17L4,13.1L0,8.6l2.3-1.3l3.9,3.9L10.7,6z M23.9,6.6l4.2,4.5L32,7.2l2.3,1.3l-4,4.5l3.2,3.9L32,19.1l-3.9-3.3l-4.5,4.3l-2.5-1.9l4.4-5.1l-4.2-3.9L23.9,6.6zM73.5,6L76,8.6l-4,4.3l4,5.4l-2.5,1.9l-4.5-5.2l-3.9,4.2L63.5,17l4.1-4.7L63.5,8l2.3-1.3l4.1,3.6L73.5,6z M94,6l2.5,2.6l-4,4.3l4,5.4L94,20.1l-3.9-5l-3.9,4.2L84,17l3.2-3.9L84,8.6l2.3-1.3l3.2,3.9L94,6z M106.9,6l4.5,5.1l3.9-3.9l2.3,1.3l-4,4.5l3.2,3.9l-1.6,2.1l-3.9-4.2l-4.5,5.2l-2.5-1.9l4-5.4l-4-4.3L106.9,6z M53.1,6l2.5,2.6l-4,4.3l4,4.6l-2.5,1.9l-4.5-4.5l-3.5,4.5L43.1,17l3.2-3.9l-4-4.5l2.3-1.3l3.9,3.9L53.1,6z&#039;\/%3E%3C\/svg%3E&quot;);\">\n\t\t\t<span class=\"elementor-divider-separator\">\n\t\t\t\t\t\t<\/span>\n\t\t<\/div>\n\t\t\t\t<\/div>\n\t\t\t\t<\/div>\n\t\t\t\t\t<\/div>\n\t\t<\/div>\n\t\t\t\t\t<\/div>\n\t\t<\/section>\n\t\t\t\t<\/div>\n\t\t","protected":false},"excerpt":{"rendered":"<p>PIEL\u0118GNACJA SK\u00d3RY NACZYNKOWEJ Cera naczynkowa Cera naczynkowa to rodzaj sk\u00f3ry o przewlek\u0142ym zaczerwienieniu. Bardziej reaguje na produkty kosmetyczne i czynniki zewn\u0119trzne, pijawiaj\u0105 si\u0119 paj\u0105czki na sk\u00f3rze twarzy. Aby zadba\u0107 o cer\u0119 naczynkow\u0105 potrzebna jest codzienna piel\u0119gnacja oparta na delikatnych kosmetykach. Sk\u00f3ra naczyniowa potrzebuje specjalnego podej\u015bcia. Nale\u017cy skupi\u0107 si\u0119 na \u0142agodzeniu podra\u017cnie\u0144, nawil\u017ceniu i wzmacnianiu naczy\u0144. [&hellip;]<\/p>\n","protected":false},"author":1,"featured_media":0,"parent":0,"menu_order":0,"comment_status":"closed","ping_status":"closed","template":"","meta":{"footnotes":""},"class_list":["post-3545","page","type-page","status-publish","hentry","entry"],"yoast_head":"<!-- This site is optimized with the Yoast SEO plugin v19.7.2 - https:\/\/yoast.com\/wordpress\/plugins\/seo\/ -->\n<title>Piel\u0119gnacja sk\u00f3ry naczynkowej - Diament body &amp; mind spa \u0141\u00f3d\u017a<\/title>\n<meta name=\"description\" content=\"Cera naczynkowa to rodzaj sk\u00f3ry o przewlek\u0142ym zaczerwienieniu. Bardziej reaguje na produkty kosmetyczne i czynniki zewn\u0119trzne, pojawiaj\u0105 si\u0119 paj\u0105czki na sk\u00f3rze twarzy.\" \/>\n<meta name=\"robots\" content=\"index, follow, max-snippet:-1, max-image-preview:large, max-video-preview:-1\" \/>\n<link rel=\"canonical\" href=\"https:\/\/diamentspalodz.pl\/index.php\/pielegnacja-skory-naczynkowej\/\" \/>\n<meta property=\"og:locale\" content=\"pl_PL\" \/>\n<meta property=\"og:type\" content=\"article\" \/>\n<meta property=\"og:title\" content=\"Piel\u0119gnacja sk\u00f3ry naczynkowej - Diament body &amp; mind spa \u0141\u00f3d\u017a\" \/>\n<meta property=\"og:description\" content=\"Cera naczynkowa to rodzaj sk\u00f3ry o przewlek\u0142ym zaczerwienieniu. Bardziej reaguje na produkty kosmetyczne i czynniki zewn\u0119trzne, pojawiaj\u0105 si\u0119 paj\u0105czki na sk\u00f3rze twarzy.\" \/>\n<meta property=\"og:url\" content=\"https:\/\/diamentspalodz.pl\/index.php\/pielegnacja-skory-naczynkowej\/\" \/>\n<meta property=\"og:site_name\" content=\"Diament body &amp; mind spa \u0141\u00f3d\u017a\" \/>\n<meta property=\"article:modified_time\" content=\"2025-01-14T11:15:59+00:00\" \/>\n<meta property=\"og:image\" content=\"https:\/\/diamentspalodz.pl\/wp-content\/uploads\/2024\/01\/images-1.jpg\" \/>\n<meta name=\"twitter:card\" content=\"summary_large_image\" \/>\n<meta name=\"twitter:label1\" content=\"Szacowany czas czytania\" \/>\n\t<meta name=\"twitter:data1\" content=\"3 minuty\" \/>\n<script type=\"application\/ld+json\" class=\"yoast-schema-graph\">{\"@context\":\"https:\/\/schema.org\",\"@graph\":[{\"@type\":\"WebPage\",\"@id\":\"https:\/\/diamentspalodz.pl\/index.php\/pielegnacja-skory-naczynkowej\/\",\"url\":\"https:\/\/diamentspalodz.pl\/index.php\/pielegnacja-skory-naczynkowej\/\",\"name\":\"Piel\u0119gnacja sk\u00f3ry naczynkowej - Diament body &amp; mind spa \u0141\u00f3d\u017a\",\"isPartOf\":{\"@id\":\"https:\/\/diamentspalodz.pl\/#website\"},\"datePublished\":\"2024-01-24T07:44:58+00:00\",\"dateModified\":\"2025-01-14T11:15:59+00:00\",\"description\":\"Cera naczynkowa to rodzaj sk\u00f3ry o przewlek\u0142ym zaczerwienieniu. Bardziej reaguje na produkty kosmetyczne i czynniki zewn\u0119trzne, pojawiaj\u0105 si\u0119 paj\u0105czki na sk\u00f3rze twarzy.\",\"breadcrumb\":{\"@id\":\"https:\/\/diamentspalodz.pl\/index.php\/pielegnacja-skory-naczynkowej\/#breadcrumb\"},\"inLanguage\":\"pl-PL\",\"potentialAction\":[{\"@type\":\"ReadAction\",\"target\":[\"https:\/\/diamentspalodz.pl\/index.php\/pielegnacja-skory-naczynkowej\/\"]}]},{\"@type\":\"BreadcrumbList\",\"@id\":\"https:\/\/diamentspalodz.pl\/index.php\/pielegnacja-skory-naczynkowej\/#breadcrumb\",\"itemListElement\":[{\"@type\":\"ListItem\",\"position\":1,\"name\":\"Strona g\u0142\u00f3wna\",\"item\":\"https:\/\/diamentspalodz.pl\/\"},{\"@type\":\"ListItem\",\"position\":2,\"name\":\"Piel\u0119gnacja sk\u00f3ry naczynkowej\"}]},{\"@type\":\"WebSite\",\"@id\":\"https:\/\/diamentspalodz.pl\/#website\",\"url\":\"https:\/\/diamentspalodz.pl\/\",\"name\":\"Diament body &amp; mind spa \u0141\u00f3d\u017a\",\"description\":\"Spa w \u0141odzi, salon kosmetyczny, zabiegi na twarz i cia\u0142o, odchudzanie, odm\u0142adzanie, brwi permanentne, trychologia, likwidacja zmarszczek, lifting twarzy, modelowanie sylwetki, lipoliza, spalanie t\u0142uszczu, likwidacja cellulitu\",\"publisher\":{\"@id\":\"https:\/\/diamentspalodz.pl\/#organization\"},\"potentialAction\":[{\"@type\":\"SearchAction\",\"target\":{\"@type\":\"EntryPoint\",\"urlTemplate\":\"https:\/\/diamentspalodz.pl\/?s={search_term_string}\"},\"query-input\":\"required name=search_term_string\"}],\"inLanguage\":\"pl-PL\"},{\"@type\":\"Organization\",\"@id\":\"https:\/\/diamentspalodz.pl\/#organization\",\"name\":\"Diament body &amp; mind spa \u0141\u00f3d\u017a\",\"url\":\"https:\/\/diamentspalodz.pl\/\",\"sameAs\":[],\"logo\":{\"@type\":\"ImageObject\",\"inLanguage\":\"pl-PL\",\"@id\":\"https:\/\/diamentspalodz.pl\/#\/schema\/logo\/image\/\",\"url\":\"https:\/\/diamentspalodz.pl\/wp-content\/uploads\/2022\/10\/logo-dlugie-2.png\",\"contentUrl\":\"https:\/\/diamentspalodz.pl\/wp-content\/uploads\/2022\/10\/logo-dlugie-2.png\",\"width\":267,\"height\":61,\"caption\":\"Diament body &amp; mind spa \u0141\u00f3d\u017a\"},\"image\":{\"@id\":\"https:\/\/diamentspalodz.pl\/#\/schema\/logo\/image\/\"}}]}<\/script>\n<!-- \/ Yoast SEO plugin. -->","yoast_head_json":{"title":"Piel\u0119gnacja sk\u00f3ry naczynkowej - Diament body &amp; mind spa \u0141\u00f3d\u017a","description":"Cera naczynkowa to rodzaj sk\u00f3ry o przewlek\u0142ym zaczerwienieniu. Bardziej reaguje na produkty kosmetyczne i czynniki zewn\u0119trzne, pojawiaj\u0105 si\u0119 paj\u0105czki na sk\u00f3rze twarzy.","robots":{"index":"index","follow":"follow","max-snippet":"max-snippet:-1","max-image-preview":"max-image-preview:large","max-video-preview":"max-video-preview:-1"},"canonical":"https:\/\/diamentspalodz.pl\/index.php\/pielegnacja-skory-naczynkowej\/","og_locale":"pl_PL","og_type":"article","og_title":"Piel\u0119gnacja sk\u00f3ry naczynkowej - Diament body &amp; mind spa \u0141\u00f3d\u017a","og_description":"Cera naczynkowa to rodzaj sk\u00f3ry o przewlek\u0142ym zaczerwienieniu. Bardziej reaguje na produkty kosmetyczne i czynniki zewn\u0119trzne, pojawiaj\u0105 si\u0119 paj\u0105czki na sk\u00f3rze twarzy.","og_url":"https:\/\/diamentspalodz.pl\/index.php\/pielegnacja-skory-naczynkowej\/","og_site_name":"Diament body &amp; mind spa \u0141\u00f3d\u017a","article_modified_time":"2025-01-14T11:15:59+00:00","og_image":[{"url":"https:\/\/diamentspalodz.pl\/wp-content\/uploads\/2024\/01\/images-1.jpg"}],"twitter_card":"summary_large_image","twitter_misc":{"Szacowany czas czytania":"3 minuty"},"schema":{"@context":"https:\/\/schema.org","@graph":[{"@type":"WebPage","@id":"https:\/\/diamentspalodz.pl\/index.php\/pielegnacja-skory-naczynkowej\/","url":"https:\/\/diamentspalodz.pl\/index.php\/pielegnacja-skory-naczynkowej\/","name":"Piel\u0119gnacja sk\u00f3ry naczynkowej - Diament body &amp; mind spa \u0141\u00f3d\u017a","isPartOf":{"@id":"https:\/\/diamentspalodz.pl\/#website"},"datePublished":"2024-01-24T07:44:58+00:00","dateModified":"2025-01-14T11:15:59+00:00","description":"Cera naczynkowa to rodzaj sk\u00f3ry o przewlek\u0142ym zaczerwienieniu. Bardziej reaguje na produkty kosmetyczne i czynniki zewn\u0119trzne, pojawiaj\u0105 si\u0119 paj\u0105czki na sk\u00f3rze twarzy.","breadcrumb":{"@id":"https:\/\/diamentspalodz.pl\/index.php\/pielegnacja-skory-naczynkowej\/#breadcrumb"},"inLanguage":"pl-PL","potentialAction":[{"@type":"ReadAction","target":["https:\/\/diamentspalodz.pl\/index.php\/pielegnacja-skory-naczynkowej\/"]}]},{"@type":"BreadcrumbList","@id":"https:\/\/diamentspalodz.pl\/index.php\/pielegnacja-skory-naczynkowej\/#breadcrumb","itemListElement":[{"@type":"ListItem","position":1,"name":"Strona g\u0142\u00f3wna","item":"https:\/\/diamentspalodz.pl\/"},{"@type":"ListItem","position":2,"name":"Piel\u0119gnacja sk\u00f3ry naczynkowej"}]},{"@type":"WebSite","@id":"https:\/\/diamentspalodz.pl\/#website","url":"https:\/\/diamentspalodz.pl\/","name":"Diament body &amp; mind spa \u0141\u00f3d\u017a","description":"Spa w \u0141odzi, salon kosmetyczny, zabiegi na twarz i cia\u0142o, odchudzanie, odm\u0142adzanie, brwi permanentne, trychologia, likwidacja zmarszczek, lifting twarzy, modelowanie sylwetki, lipoliza, spalanie t\u0142uszczu, likwidacja cellulitu","publisher":{"@id":"https:\/\/diamentspalodz.pl\/#organization"},"potentialAction":[{"@type":"SearchAction","target":{"@type":"EntryPoint","urlTemplate":"https:\/\/diamentspalodz.pl\/?s={search_term_string}"},"query-input":"required name=search_term_string"}],"inLanguage":"pl-PL"},{"@type":"Organization","@id":"https:\/\/diamentspalodz.pl\/#organization","name":"Diament body &amp; mind spa \u0141\u00f3d\u017a","url":"https:\/\/diamentspalodz.pl\/","sameAs":[],"logo":{"@type":"ImageObject","inLanguage":"pl-PL","@id":"https:\/\/diamentspalodz.pl\/#\/schema\/logo\/image\/","url":"https:\/\/diamentspalodz.pl\/wp-content\/uploads\/2022\/10\/logo-dlugie-2.png","contentUrl":"https:\/\/diamentspalodz.pl\/wp-content\/uploads\/2022\/10\/logo-dlugie-2.png","width":267,"height":61,"caption":"Diament body &amp; mind spa \u0141\u00f3d\u017a"},"image":{"@id":"https:\/\/diamentspalodz.pl\/#\/schema\/logo\/image\/"}}]}},"_links":{"self":[{"href":"https:\/\/diamentspalodz.pl\/index.php\/wp-json\/wp\/v2\/pages\/3545","targetHints":{"allow":["GET"]}}],"collection":[{"href":"https:\/\/diamentspalodz.pl\/index.php\/wp-json\/wp\/v2\/pages"}],"about":[{"href":"https:\/\/diamentspalodz.pl\/index.php\/wp-json\/wp\/v2\/types\/page"}],"author":[{"embeddable":true,"href":"https:\/\/diamentspalodz.pl\/index.php\/wp-json\/wp\/v2\/users\/1"}],"replies":[{"embeddable":true,"href":"https:\/\/diamentspalodz.pl\/index.php\/wp-json\/wp\/v2\/comments?post=3545"}],"version-history":[{"count":13,"href":"https:\/\/diamentspalodz.pl\/index.php\/wp-json\/wp\/v2\/pages\/3545\/revisions"}],"predecessor-version":[{"id":3559,"href":"https:\/\/diamentspalodz.pl\/index.php\/wp-json\/wp\/v2\/pages\/3545\/revisions\/3559"}],"wp:attachment":[{"href":"https:\/\/diamentspalodz.pl\/index.php\/wp-json\/wp\/v2\/media?parent=3545"}],"curies":[{"name":"wp","href":"https:\/\/api.w.org\/{rel}","templated":true}]}}