{"id":3611,"date":"2024-09-10T10:35:28","date_gmt":"2024-09-10T08:35:28","guid":{"rendered":"https:\/\/diamentspalodz.pl\/?page_id=3611"},"modified":"2025-01-14T12:18:59","modified_gmt":"2025-01-14T11:18:59","slug":"elektrostymulacja","status":"publish","type":"page","link":"https:\/\/diamentspalodz.pl\/index.php\/elektrostymulacja\/","title":{"rendered":"ELEKTROSTYMULACJA"},"content":{"rendered":"\t\t<div data-elementor-type=\"wp-page\" data-elementor-id=\"3611\" class=\"elementor elementor-3611\">\n\t\t\t\t\t\t<section class=\"has_eae_slider elementor-section elementor-top-section elementor-element elementor-element-f55ac62 elementor-section-boxed elementor-section-height-default elementor-section-height-default\" data-id=\"f55ac62\" data-element_type=\"section\" data-settings=\"{&quot;_ha_eqh_enable&quot;:false}\">\n\t\t\t\t\t\t<div class=\"elementor-container elementor-column-gap-default\">\n\t\t\t\t\t<div class=\"has_eae_slider elementor-column elementor-col-100 elementor-top-column elementor-element elementor-element-4df52dc\" data-id=\"4df52dc\" data-element_type=\"column\">\n\t\t\t<div class=\"elementor-widget-wrap elementor-element-populated\">\n\t\t\t\t\t\t<div class=\"elementor-element elementor-element-469a35f elementor-invisible elementor-widget elementor-widget-heading\" data-id=\"469a35f\" data-element_type=\"widget\" data-settings=\"{&quot;_animation&quot;:&quot;fadeInUp&quot;}\" data-widget_type=\"heading.default\">\n\t\t\t\t<div class=\"elementor-widget-container\">\n\t\t\t<h2 class=\"elementor-heading-title elementor-size-default\">Elektrostymulacja <\/h2>\t\t<\/div>\n\t\t\t\t<\/div>\n\t\t\t\t\t<\/div>\n\t\t<\/div>\n\t\t\t\t\t<\/div>\n\t\t<\/section>\n\t\t\t\t<section class=\"has_eae_slider elementor-section elementor-top-section elementor-element elementor-element-50f105b9 elementor-section-content-middle elementor-section-stretched elementor-section-boxed elementor-section-height-default elementor-section-height-default elementor-invisible\" data-id=\"50f105b9\" data-element_type=\"section\" data-settings=\"{&quot;stretch_section&quot;:&quot;section-stretched&quot;,&quot;animation&quot;:&quot;fadeInUp&quot;,&quot;_ha_eqh_enable&quot;:false}\">\n\t\t\t\t\t\t\t<div class=\"elementor-background-overlay\"><\/div>\n\t\t\t\t\t\t\t<div class=\"elementor-container elementor-column-gap-no\">\n\t\t\t\t\t<div class=\"has_eae_slider elementor-column elementor-col-100 elementor-top-column elementor-element elementor-element-67510c6c\" data-id=\"67510c6c\" data-element_type=\"column\">\n\t\t\t<div class=\"elementor-widget-wrap elementor-element-populated\">\n\t\t\t\t\t\t<div class=\"elementor-element elementor-element-19bc882e elementor-widget elementor-widget-menu-anchor\" data-id=\"19bc882e\" data-element_type=\"widget\" data-widget_type=\"menu-anchor.default\">\n\t\t\t\t<div class=\"elementor-widget-container\">\n\t\t\t\t\t<div class=\"elementor-menu-anchor\" id=\"masaze\"><\/div>\n\t\t\t\t<\/div>\n\t\t\t\t<\/div>\n\t\t\t\t<div class=\"elementor-element elementor-element-3e74943 elementor-widget elementor-widget-menu-anchor\" data-id=\"3e74943\" data-element_type=\"widget\" data-widget_type=\"menu-anchor.default\">\n\t\t\t\t<div class=\"elementor-widget-container\">\n\t\t\t\t\t<div class=\"elementor-menu-anchor\" id=\"masaze\"><\/div>\n\t\t\t\t<\/div>\n\t\t\t\t<\/div>\n\t\t\t\t<div class=\"elementor-element elementor-element-62bd6f74 elementor-invisible elementor-widget elementor-widget-image\" data-id=\"62bd6f74\" data-element_type=\"widget\" data-settings=\"{&quot;_animation&quot;:&quot;fadeInUp&quot;}\" data-widget_type=\"image.default\">\n\t\t\t\t<div class=\"elementor-widget-container\">\n\t\t\t\t\t\t\t\t\t\t\t\t\t<img fetchpriority=\"high\" decoding=\"async\" width=\"874\" height=\"478\" src=\"https:\/\/diamentspalodz.pl\/wp-content\/uploads\/2022\/10\/PngItem_58682.png\" class=\"attachment-large size-large wp-image-646\" alt=\"salon kosmetyczny \u0141\u00f3d\u017a\" srcset=\"https:\/\/diamentspalodz.pl\/wp-content\/uploads\/2022\/10\/PngItem_58682.png 874w, https:\/\/diamentspalodz.pl\/wp-content\/uploads\/2022\/10\/PngItem_58682-300x164.png 300w, https:\/\/diamentspalodz.pl\/wp-content\/uploads\/2022\/10\/PngItem_58682-768x420.png 768w\" sizes=\"(max-width: 874px) 100vw, 874px\" \/>\t\t\t\t\t\t\t\t\t\t\t\t\t<\/div>\n\t\t\t\t<\/div>\n\t\t\t\t<section class=\"has_eae_slider elementor-section elementor-inner-section elementor-element elementor-element-5b96834c elementor-section-full_width elementor-section-height-default elementor-section-height-default elementor-invisible\" data-id=\"5b96834c\" data-element_type=\"section\" data-settings=\"{&quot;animation&quot;:&quot;fadeIn&quot;,&quot;_ha_eqh_enable&quot;:false}\">\n\t\t\t\t\t\t<div class=\"elementor-container elementor-column-gap-default\">\n\t\t\t\t\t<div class=\"has_eae_slider elementor-column elementor-col-50 elementor-inner-column elementor-element elementor-element-5eb562ef elementor-invisible\" data-id=\"5eb562ef\" data-element_type=\"column\" data-settings=\"{&quot;animation&quot;:&quot;fadeIn&quot;}\">\n\t\t\t<div class=\"elementor-widget-wrap elementor-element-populated\">\n\t\t\t\t\t\t<div class=\"elementor-element elementor-element-2b672005 elementor-invisible elementor-widget elementor-widget-heading\" data-id=\"2b672005\" data-element_type=\"widget\" data-settings=\"{&quot;_animation&quot;:&quot;fadeInLeft&quot;,&quot;_animation_delay&quot;:300}\" data-widget_type=\"heading.default\">\n\t\t\t\t<div class=\"elementor-widget-container\">\n\t\t\t<h2 class=\"elementor-heading-title elementor-size-default\">Elektrogimnastyka mi\u0119\u015bni<\/h2>\t\t<\/div>\n\t\t\t\t<\/div>\n\t\t\t\t<div class=\"elementor-element elementor-element-5b47b105 elementor-invisible elementor-widget elementor-widget-text-editor\" data-id=\"5b47b105\" data-element_type=\"widget\" data-settings=\"{&quot;_animation&quot;:&quot;fadeInLeft&quot;,&quot;_animation_delay&quot;:400}\" data-widget_type=\"text-editor.default\">\n\t\t\t\t<div class=\"elementor-widget-container\">\n\t\t\t\t\t\t\t<p>ma na celu wywo\u0142anie reakcji motorycznej mi\u0119\u015bnia lub grupy mi\u0119\u015bni.<\/p><ul><li>Pr\u0105d pobudza mi\u0119\u015bnie do rytmicznych skurcz\u00f3w takich jakie pojawiaj\u0105 si\u0119 podczas \u0107wicze\u0144 fizycznych.<\/li><li>40 &#8211; minutowy zabieg odpowiada nawet 2-3 godzinnemu, tradycyjnemu treningowi fitness.<\/li><li>Mo\u017ce dawa\u0107 efekt podobny do wykonania\u00a0 1200 brzuszk\u00f3w.<\/li><\/ul><p>\u00a0<\/p><p>Fale kierunkowe sprawiaj\u0105, \u017ce w\u0142\u00f3kna mi\u0119\u015bni wykonuj\u0105 izotoniczne ruchy. Stymulowane mi\u0119\u015bnie pobieraj\u0105 energi\u0119 z okolicznych tkanek co przyspiesza spalanie tkanki t\u0142uszczowej.<\/p><p>\u00a0<\/p>\t\t\t\t\t\t<\/div>\n\t\t\t\t<\/div>\n\t\t\t\t<div class=\"elementor-element elementor-element-88e77b5 elementor-invisible elementor-widget elementor-widget-text-editor\" data-id=\"88e77b5\" data-element_type=\"widget\" data-settings=\"{&quot;_animation&quot;:&quot;fadeInLeft&quot;,&quot;_animation_delay&quot;:400}\" data-widget_type=\"text-editor.default\">\n\t\t\t\t<div class=\"elementor-widget-container\">\n\t\t\t\t\t\t\t<h3>EFEKTY ELEKTROSTYMULACJI<\/h3><ul><li>Wzmacnianie mi\u0119\u015bni:\u00a0 umo\u017cliwia aktywacj\u0119 mi\u0119\u015bni\u00a0 intensywniej ni\u017c tradycyjne \u0107wiczenia.<\/li><li>Impulsy elektryczne docieraj\u0105 bezpo\u015brednio do w\u0142\u00f3kien mi\u0119\u015bniowych. Powoduje to ich skurcze i wzmacnia mi\u0119\u015bnie. Jest to skuteczne w trudno dost\u0119pnych lub s\u0142abo rozwini\u0119tych mi\u0119\u015bniach.<\/li><li>Poprawa wytrzyma\u0142o\u015bci:\u00a0 &#8211; intensywny trening mi\u0119\u015bni, zwi\u0119ksza ich wytrzyma\u0142o\u015b\u0107. Skurcze mi\u0119\u015bni indukowane przez impulsy elektryczne stymuluj\u0105 procesy metaboliczne w mi\u0119\u015bniach, pobudzaj\u0105c ich rozw\u00f3j i zdolno\u015b\u0107 do d\u0142ugotrwa\u0142ego wysi\u0142ku.<\/li><li>Redukcja cellulitu:\u00a0 &#8211; pomaga w redukcji cellulitu poprzez pobudzanie kr\u0105\u017cenia krwi i limfy w obszarach problematycznych. Skurcze mi\u0119\u015bni powoduj\u0105 lepszy drena\u017cu limfatyczny oraz eliminuj\u0105 toksyny.\u00a0 Zmniejsza si\u0119 widoczno\u015b\u0107 cellulitu.<\/li><li>Przyspieszenie regeneracji: &#8211; przyspiesza proces regeneracji mi\u0119\u015bni po intensywnym treningu lub kontuzji. Poprzez stymulacj\u0119 kr\u0105\u017cenia krwi, elektrostymulacja dostarcza sk\u0142adniki od\u017cywcze i tlen do mi\u0119\u015bni.\u00a0 Przyspiesza proces gojenia i regeneracji tkanek.<\/li><li>U\u0142atwienie treningu: przy trudno\u015bciach z wykonywaniem tradycyjnych \u0107wicze\u0144 z powodu kontuzji, ogranicze\u0144 ruchowych lub innych czynnik\u00f3w. Mo\u017ce by\u0107 stosowana jako uzupe\u0142nienie treningu lub alternatywa dla os\u00f3b z ograniczon\u0105 zdolno\u015bci\u0105 do wykonywania wysi\u0142ku fizycznego.<\/li><\/ul>\t\t\t\t\t\t<\/div>\n\t\t\t\t<\/div>\n\t\t\t\t\t<\/div>\n\t\t<\/div>\n\t\t\t\t<div class=\"has_eae_slider elementor-column elementor-col-50 elementor-inner-column elementor-element elementor-element-60b5cd74\" data-id=\"60b5cd74\" data-element_type=\"column\">\n\t\t\t<div class=\"elementor-widget-wrap elementor-element-populated\">\n\t\t\t\t\t\t<div class=\"elementor-element elementor-element-402b26b6 elementor-invisible elementor-widget elementor-widget-image\" data-id=\"402b26b6\" data-element_type=\"widget\" data-settings=\"{&quot;_animation&quot;:&quot;fadeInLeft&quot;}\" data-widget_type=\"image.default\">\n\t\t\t\t<div class=\"elementor-widget-container\">\n\t\t\t\t\t\t\t\t\t\t\t\t\t<img decoding=\"async\" width=\"1080\" height=\"700\" src=\"https:\/\/diamentspalodz.pl\/wp-content\/uploads\/2024\/09\/aaa-1080x700.jpg\" class=\"attachment-ocean-thumb-l size-ocean-thumb-l wp-image-3649\" alt=\"trening mi\u0119\u015bni\" \/>\t\t\t\t\t\t\t\t\t\t\t\t\t<\/div>\n\t\t\t\t<\/div>\n\t\t\t\t\t<\/div>\n\t\t<\/div>\n\t\t\t\t\t<\/div>\n\t\t<\/section>\n\t\t\t\t<div class=\"elementor-element elementor-element-11fead7a elementor-widget-divider--separator-type-pattern elementor-widget-divider--no-spacing elementor-widget-divider--view-line elementor-invisible elementor-widget elementor-widget-divider\" data-id=\"11fead7a\" data-element_type=\"widget\" data-settings=\"{&quot;_animation&quot;:&quot;zoomIn&quot;,&quot;_animation_mobile&quot;:&quot;zoomInUp&quot;}\" data-widget_type=\"divider.default\">\n\t\t\t\t<div class=\"elementor-widget-container\">\n\t\t\t\t\t<div class=\"elementor-divider\" style=\"--divider-pattern-url: url(&quot;data:image\/svg+xml,%3Csvg xmlns=&#039;http:\/\/www.w3.org\/2000\/svg&#039; preserveAspectRatio=&#039;xMidYMid meet&#039; overflow=&#039;visible&#039; height=&#039;100%&#039; viewBox=&#039;0 0 126 26&#039; fill=&#039;black&#039; stroke=&#039;none&#039;%3E%3Cpath d=&#039;M10.7,6l2.5,2.6l-4,4.3l4,5.4l-2.5,1.9l-4.5-5.2l-3.9,4.2L0.7,17L4,13.1L0,8.6l2.3-1.3l3.9,3.9L10.7,6z M23.9,6.6l4.2,4.5L32,7.2l2.3,1.3l-4,4.5l3.2,3.9L32,19.1l-3.9-3.3l-4.5,4.3l-2.5-1.9l4.4-5.1l-4.2-3.9L23.9,6.6zM73.5,6L76,8.6l-4,4.3l4,5.4l-2.5,1.9l-4.5-5.2l-3.9,4.2L63.5,17l4.1-4.7L63.5,8l2.3-1.3l4.1,3.6L73.5,6z M94,6l2.5,2.6l-4,4.3l4,5.4L94,20.1l-3.9-5l-3.9,4.2L84,17l3.2-3.9L84,8.6l2.3-1.3l3.2,3.9L94,6z M106.9,6l4.5,5.1l3.9-3.9l2.3,1.3l-4,4.5l3.2,3.9l-1.6,2.1l-3.9-4.2l-4.5,5.2l-2.5-1.9l4-5.4l-4-4.3L106.9,6z M53.1,6l2.5,2.6l-4,4.3l4,4.6l-2.5,1.9l-4.5-4.5l-3.5,4.5L43.1,17l3.2-3.9l-4-4.5l2.3-1.3l3.9,3.9L53.1,6z&#039;\/%3E%3C\/svg%3E&quot;);\">\n\t\t\t<span class=\"elementor-divider-separator\">\n\t\t\t\t\t\t<\/span>\n\t\t<\/div>\n\t\t\t\t<\/div>\n\t\t\t\t<\/div>\n\t\t\t\t\t<\/div>\n\t\t<\/div>\n\t\t\t\t\t<\/div>\n\t\t<\/section>\n\t\t\t\t<\/div>\n\t\t","protected":false},"excerpt":{"rendered":"<p>Elektrostymulacja Elektrogimnastyka mi\u0119\u015bni ma na celu wywo\u0142anie reakcji motorycznej mi\u0119\u015bnia lub grupy mi\u0119\u015bni. Pr\u0105d pobudza mi\u0119\u015bnie do rytmicznych skurcz\u00f3w takich jakie pojawiaj\u0105 si\u0119 podczas \u0107wicze\u0144 fizycznych. 40 &#8211; minutowy zabieg odpowiada nawet 2-3 godzinnemu, tradycyjnemu treningowi fitness. Mo\u017ce dawa\u0107 efekt podobny do wykonania\u00a0 1200 brzuszk\u00f3w. \u00a0 Fale kierunkowe sprawiaj\u0105, \u017ce w\u0142\u00f3kna mi\u0119\u015bni wykonuj\u0105 izotoniczne ruchy. [&hellip;]<\/p>\n","protected":false},"author":1,"featured_media":0,"parent":0,"menu_order":0,"comment_status":"closed","ping_status":"closed","template":"","meta":{"footnotes":""},"class_list":["post-3611","page","type-page","status-publish","hentry","entry"],"yoast_head":"<!-- This site is optimized with the Yoast SEO plugin v19.7.2 - https:\/\/yoast.com\/wordpress\/plugins\/seo\/ -->\n<title>ELEKTROSTYMULACJA - Diament body &amp; mind spa \u0141\u00f3d\u017a<\/title>\n<meta name=\"description\" content=\"40 \u2013 minutowy zabieg odpowiada nawet 2-3 godzinnemu, tradycyjnemu treningowi fitness. Mo\u017ce dawa\u0107 efekt podobny do wykonania 1200 brzuszk\u00f3w.\" \/>\n<meta name=\"robots\" content=\"index, follow, max-snippet:-1, max-image-preview:large, max-video-preview:-1\" \/>\n<link rel=\"canonical\" href=\"https:\/\/diamentspalodz.pl\/index.php\/elektrostymulacja\/\" \/>\n<meta property=\"og:locale\" content=\"pl_PL\" \/>\n<meta property=\"og:type\" content=\"article\" \/>\n<meta property=\"og:title\" content=\"ELEKTROSTYMULACJA - Diament body &amp; mind spa \u0141\u00f3d\u017a\" \/>\n<meta property=\"og:description\" content=\"40 \u2013 minutowy zabieg odpowiada nawet 2-3 godzinnemu, tradycyjnemu treningowi fitness. Mo\u017ce dawa\u0107 efekt podobny do wykonania 1200 brzuszk\u00f3w.\" \/>\n<meta property=\"og:url\" content=\"https:\/\/diamentspalodz.pl\/index.php\/elektrostymulacja\/\" \/>\n<meta property=\"og:site_name\" content=\"Diament body &amp; mind spa \u0141\u00f3d\u017a\" \/>\n<meta property=\"article:modified_time\" content=\"2025-01-14T11:18:59+00:00\" \/>\n<meta property=\"og:image\" content=\"https:\/\/diamentspalodz.pl\/wp-content\/uploads\/2022\/10\/PngItem_58682.png\" \/>\n<meta name=\"twitter:card\" content=\"summary_large_image\" \/>\n<meta name=\"twitter:label1\" content=\"Szacowany czas czytania\" \/>\n\t<meta name=\"twitter:data1\" content=\"2 minuty\" \/>\n<script type=\"application\/ld+json\" class=\"yoast-schema-graph\">{\"@context\":\"https:\/\/schema.org\",\"@graph\":[{\"@type\":\"WebPage\",\"@id\":\"https:\/\/diamentspalodz.pl\/index.php\/elektrostymulacja\/\",\"url\":\"https:\/\/diamentspalodz.pl\/index.php\/elektrostymulacja\/\",\"name\":\"ELEKTROSTYMULACJA - Diament body &amp; mind spa \u0141\u00f3d\u017a\",\"isPartOf\":{\"@id\":\"https:\/\/diamentspalodz.pl\/#website\"},\"datePublished\":\"2024-09-10T08:35:28+00:00\",\"dateModified\":\"2025-01-14T11:18:59+00:00\",\"description\":\"40 \u2013 minutowy zabieg odpowiada nawet 2-3 godzinnemu, tradycyjnemu treningowi fitness. Mo\u017ce dawa\u0107 efekt podobny do wykonania 1200 brzuszk\u00f3w.\",\"breadcrumb\":{\"@id\":\"https:\/\/diamentspalodz.pl\/index.php\/elektrostymulacja\/#breadcrumb\"},\"inLanguage\":\"pl-PL\",\"potentialAction\":[{\"@type\":\"ReadAction\",\"target\":[\"https:\/\/diamentspalodz.pl\/index.php\/elektrostymulacja\/\"]}]},{\"@type\":\"BreadcrumbList\",\"@id\":\"https:\/\/diamentspalodz.pl\/index.php\/elektrostymulacja\/#breadcrumb\",\"itemListElement\":[{\"@type\":\"ListItem\",\"position\":1,\"name\":\"Strona g\u0142\u00f3wna\",\"item\":\"https:\/\/diamentspalodz.pl\/\"},{\"@type\":\"ListItem\",\"position\":2,\"name\":\"ELEKTROSTYMULACJA\"}]},{\"@type\":\"WebSite\",\"@id\":\"https:\/\/diamentspalodz.pl\/#website\",\"url\":\"https:\/\/diamentspalodz.pl\/\",\"name\":\"Diament body &amp; mind spa \u0141\u00f3d\u017a\",\"description\":\"Spa w \u0141odzi, salon kosmetyczny, zabiegi na twarz i cia\u0142o, odchudzanie, odm\u0142adzanie, brwi permanentne, trychologia, likwidacja zmarszczek, lifting twarzy, modelowanie sylwetki, lipoliza, spalanie t\u0142uszczu, likwidacja cellulitu\",\"publisher\":{\"@id\":\"https:\/\/diamentspalodz.pl\/#organization\"},\"potentialAction\":[{\"@type\":\"SearchAction\",\"target\":{\"@type\":\"EntryPoint\",\"urlTemplate\":\"https:\/\/diamentspalodz.pl\/?s={search_term_string}\"},\"query-input\":\"required name=search_term_string\"}],\"inLanguage\":\"pl-PL\"},{\"@type\":\"Organization\",\"@id\":\"https:\/\/diamentspalodz.pl\/#organization\",\"name\":\"Diament body &amp; mind spa \u0141\u00f3d\u017a\",\"url\":\"https:\/\/diamentspalodz.pl\/\",\"sameAs\":[],\"logo\":{\"@type\":\"ImageObject\",\"inLanguage\":\"pl-PL\",\"@id\":\"https:\/\/diamentspalodz.pl\/#\/schema\/logo\/image\/\",\"url\":\"https:\/\/diamentspalodz.pl\/wp-content\/uploads\/2022\/10\/logo-dlugie-2.png\",\"contentUrl\":\"https:\/\/diamentspalodz.pl\/wp-content\/uploads\/2022\/10\/logo-dlugie-2.png\",\"width\":267,\"height\":61,\"caption\":\"Diament body &amp; mind spa \u0141\u00f3d\u017a\"},\"image\":{\"@id\":\"https:\/\/diamentspalodz.pl\/#\/schema\/logo\/image\/\"}}]}<\/script>\n<!-- \/ Yoast SEO plugin. -->","yoast_head_json":{"title":"ELEKTROSTYMULACJA - Diament body &amp; mind spa \u0141\u00f3d\u017a","description":"40 \u2013 minutowy zabieg odpowiada nawet 2-3 godzinnemu, tradycyjnemu treningowi fitness. Mo\u017ce dawa\u0107 efekt podobny do wykonania 1200 brzuszk\u00f3w.","robots":{"index":"index","follow":"follow","max-snippet":"max-snippet:-1","max-image-preview":"max-image-preview:large","max-video-preview":"max-video-preview:-1"},"canonical":"https:\/\/diamentspalodz.pl\/index.php\/elektrostymulacja\/","og_locale":"pl_PL","og_type":"article","og_title":"ELEKTROSTYMULACJA - Diament body &amp; mind spa \u0141\u00f3d\u017a","og_description":"40 \u2013 minutowy zabieg odpowiada nawet 2-3 godzinnemu, tradycyjnemu treningowi fitness. Mo\u017ce dawa\u0107 efekt podobny do wykonania 1200 brzuszk\u00f3w.","og_url":"https:\/\/diamentspalodz.pl\/index.php\/elektrostymulacja\/","og_site_name":"Diament body &amp; mind spa \u0141\u00f3d\u017a","article_modified_time":"2025-01-14T11:18:59+00:00","og_image":[{"url":"https:\/\/diamentspalodz.pl\/wp-content\/uploads\/2022\/10\/PngItem_58682.png"}],"twitter_card":"summary_large_image","twitter_misc":{"Szacowany czas czytania":"2 minuty"},"schema":{"@context":"https:\/\/schema.org","@graph":[{"@type":"WebPage","@id":"https:\/\/diamentspalodz.pl\/index.php\/elektrostymulacja\/","url":"https:\/\/diamentspalodz.pl\/index.php\/elektrostymulacja\/","name":"ELEKTROSTYMULACJA - Diament body &amp; mind spa \u0141\u00f3d\u017a","isPartOf":{"@id":"https:\/\/diamentspalodz.pl\/#website"},"datePublished":"2024-09-10T08:35:28+00:00","dateModified":"2025-01-14T11:18:59+00:00","description":"40 \u2013 minutowy zabieg odpowiada nawet 2-3 godzinnemu, tradycyjnemu treningowi fitness. Mo\u017ce dawa\u0107 efekt podobny do wykonania 1200 brzuszk\u00f3w.","breadcrumb":{"@id":"https:\/\/diamentspalodz.pl\/index.php\/elektrostymulacja\/#breadcrumb"},"inLanguage":"pl-PL","potentialAction":[{"@type":"ReadAction","target":["https:\/\/diamentspalodz.pl\/index.php\/elektrostymulacja\/"]}]},{"@type":"BreadcrumbList","@id":"https:\/\/diamentspalodz.pl\/index.php\/elektrostymulacja\/#breadcrumb","itemListElement":[{"@type":"ListItem","position":1,"name":"Strona g\u0142\u00f3wna","item":"https:\/\/diamentspalodz.pl\/"},{"@type":"ListItem","position":2,"name":"ELEKTROSTYMULACJA"}]},{"@type":"WebSite","@id":"https:\/\/diamentspalodz.pl\/#website","url":"https:\/\/diamentspalodz.pl\/","name":"Diament body &amp; mind spa \u0141\u00f3d\u017a","description":"Spa w \u0141odzi, salon kosmetyczny, zabiegi na twarz i cia\u0142o, odchudzanie, odm\u0142adzanie, brwi permanentne, trychologia, likwidacja zmarszczek, lifting twarzy, modelowanie sylwetki, lipoliza, spalanie t\u0142uszczu, likwidacja cellulitu","publisher":{"@id":"https:\/\/diamentspalodz.pl\/#organization"},"potentialAction":[{"@type":"SearchAction","target":{"@type":"EntryPoint","urlTemplate":"https:\/\/diamentspalodz.pl\/?s={search_term_string}"},"query-input":"required name=search_term_string"}],"inLanguage":"pl-PL"},{"@type":"Organization","@id":"https:\/\/diamentspalodz.pl\/#organization","name":"Diament body &amp; mind spa \u0141\u00f3d\u017a","url":"https:\/\/diamentspalodz.pl\/","sameAs":[],"logo":{"@type":"ImageObject","inLanguage":"pl-PL","@id":"https:\/\/diamentspalodz.pl\/#\/schema\/logo\/image\/","url":"https:\/\/diamentspalodz.pl\/wp-content\/uploads\/2022\/10\/logo-dlugie-2.png","contentUrl":"https:\/\/diamentspalodz.pl\/wp-content\/uploads\/2022\/10\/logo-dlugie-2.png","width":267,"height":61,"caption":"Diament body &amp; mind spa \u0141\u00f3d\u017a"},"image":{"@id":"https:\/\/diamentspalodz.pl\/#\/schema\/logo\/image\/"}}]}},"_links":{"self":[{"href":"https:\/\/diamentspalodz.pl\/index.php\/wp-json\/wp\/v2\/pages\/3611","targetHints":{"allow":["GET"]}}],"collection":[{"href":"https:\/\/diamentspalodz.pl\/index.php\/wp-json\/wp\/v2\/pages"}],"about":[{"href":"https:\/\/diamentspalodz.pl\/index.php\/wp-json\/wp\/v2\/types\/page"}],"author":[{"embeddable":true,"href":"https:\/\/diamentspalodz.pl\/index.php\/wp-json\/wp\/v2\/users\/1"}],"replies":[{"embeddable":true,"href":"https:\/\/diamentspalodz.pl\/index.php\/wp-json\/wp\/v2\/comments?post=3611"}],"version-history":[{"count":10,"href":"https:\/\/diamentspalodz.pl\/index.php\/wp-json\/wp\/v2\/pages\/3611\/revisions"}],"predecessor-version":[{"id":3652,"href":"https:\/\/diamentspalodz.pl\/index.php\/wp-json\/wp\/v2\/pages\/3611\/revisions\/3652"}],"wp:attachment":[{"href":"https:\/\/diamentspalodz.pl\/index.php\/wp-json\/wp\/v2\/media?parent=3611"}],"curies":[{"name":"wp","href":"https:\/\/api.w.org\/{rel}","templated":true}]}}