{"id":3758,"date":"2024-11-14T19:03:37","date_gmt":"2024-11-14T18:03:37","guid":{"rendered":"https:\/\/diamentspalodz.pl\/?page_id=3758"},"modified":"2025-01-14T10:41:38","modified_gmt":"2025-01-14T09:41:38","slug":"brwi-permanentne-i-pudrowe","status":"publish","type":"page","link":"https:\/\/diamentspalodz.pl\/index.php\/brwi-permanentne-i-pudrowe\/","title":{"rendered":"Lipoliza iniekcyjna"},"content":{"rendered":"\t\t<div data-elementor-type=\"wp-page\" data-elementor-id=\"3758\" class=\"elementor elementor-3758\">\n\t\t\t\t\t\t<section class=\"has_eae_slider elementor-section elementor-top-section elementor-element elementor-element-38497ad1 elementor-section-content-middle elementor-section-stretched elementor-section-boxed elementor-section-height-default elementor-section-height-default elementor-invisible\" data-id=\"38497ad1\" data-element_type=\"section\" data-settings=\"{&quot;stretch_section&quot;:&quot;section-stretched&quot;,&quot;animation&quot;:&quot;fadeInUp&quot;,&quot;_ha_eqh_enable&quot;:false}\">\n\t\t\t\t\t\t\t<div class=\"elementor-background-overlay\"><\/div>\n\t\t\t\t\t\t\t<div class=\"elementor-container elementor-column-gap-no\">\n\t\t\t\t\t<div class=\"has_eae_slider elementor-column elementor-col-100 elementor-top-column elementor-element elementor-element-29b61d1b\" data-id=\"29b61d1b\" data-element_type=\"column\">\n\t\t\t<div class=\"elementor-widget-wrap elementor-element-populated\">\n\t\t\t\t\t\t<div class=\"elementor-element elementor-element-5a035b56 elementor-invisible elementor-widget elementor-widget-heading\" data-id=\"5a035b56\" data-element_type=\"widget\" data-settings=\"{&quot;_animation&quot;:&quot;fadeInLeft&quot;,&quot;_animation_delay&quot;:300}\" data-widget_type=\"heading.default\">\n\t\t\t\t<div class=\"elementor-widget-container\">\n\t\t\t<h2 class=\"elementor-heading-title elementor-size-default\">LIPOLIZA INIEKCYJNA - USUWANIE T\u0141USZCZU<\/h2>\t\t<\/div>\n\t\t\t\t<\/div>\n\t\t\t\t<section class=\"has_eae_slider elementor-section elementor-inner-section elementor-element elementor-element-3d2ed690 elementor-section-full_width elementor-section-height-default elementor-section-height-default elementor-invisible\" data-id=\"3d2ed690\" data-element_type=\"section\" data-settings=\"{&quot;animation&quot;:&quot;fadeIn&quot;,&quot;_ha_eqh_enable&quot;:false}\">\n\t\t\t\t\t\t<div class=\"elementor-container elementor-column-gap-default\">\n\t\t\t\t\t<div class=\"has_eae_slider elementor-column elementor-col-50 elementor-inner-column elementor-element elementor-element-260f7752 elementor-invisible\" data-id=\"260f7752\" data-element_type=\"column\" data-settings=\"{&quot;animation&quot;:&quot;fadeIn&quot;}\">\n\t\t\t<div class=\"elementor-widget-wrap elementor-element-populated\">\n\t\t\t\t\t\t<div class=\"elementor-element elementor-element-7954a6d9 elementor-invisible elementor-widget elementor-widget-heading\" data-id=\"7954a6d9\" data-element_type=\"widget\" data-settings=\"{&quot;_animation&quot;:&quot;fadeInLeft&quot;,&quot;_animation_delay&quot;:300}\" data-widget_type=\"heading.default\">\n\t\t\t\t<div class=\"elementor-widget-container\">\n\t\t\t<h2 class=\"elementor-heading-title elementor-size-default\">Lipoliza iniekcyjna Preparatem LIPOLAX \n<\/h2>\t\t<\/div>\n\t\t\t\t<\/div>\n\t\t\t\t<div class=\"elementor-element elementor-element-40cf6b4d elementor-invisible elementor-widget elementor-widget-text-editor\" data-id=\"40cf6b4d\" data-element_type=\"widget\" data-settings=\"{&quot;_animation&quot;:&quot;fadeInLeft&quot;,&quot;_animation_delay&quot;:400}\" data-widget_type=\"text-editor.default\">\n\t\t\t\t<div class=\"elementor-widget-container\">\n\t\t\t\t\t\t\t<p>Lipopolityki s\u0105 najnowocze\u015bniejszym i bezpieczniejszym \u015brodkiem do rozdzielania \u0142uszczowych depozyt\u00f3w: <br \/>mog\u0105 odpowiednio onkurowa\u0107 z technikami sprz\u0119towymi, s\u0105 mniej traumatyczne, bezbolesne i nie wywo\u0142uj\u0105 komplikacji.<\/p><p><br \/>Lipoliza to najnowocze\u015bniejsza metoda medycyny estetycznej, kt\u00f3ra pozwala na bezoperacyjn\u0105, trwa\u0142\u0105 i skuteczn\u0105 redukcj\u0119 tkanki \u0142uszczowej.<\/p>\t\t\t\t\t\t<\/div>\n\t\t\t\t<\/div>\n\t\t\t\t\t<\/div>\n\t\t<\/div>\n\t\t\t\t<div class=\"has_eae_slider elementor-column elementor-col-50 elementor-inner-column elementor-element elementor-element-7c653514\" data-id=\"7c653514\" data-element_type=\"column\">\n\t\t\t<div class=\"elementor-widget-wrap elementor-element-populated\">\n\t\t\t\t\t\t<div class=\"elementor-element elementor-element-456273f9 elementor-widget elementor-widget-image\" data-id=\"456273f9\" data-element_type=\"widget\" data-widget_type=\"image.default\">\n\t\t\t\t<div class=\"elementor-widget-container\">\n\t\t\t\t\t\t\t\t\t\t\t\t\t<img fetchpriority=\"high\" decoding=\"async\" width=\"1024\" height=\"439\" src=\"https:\/\/diamentspalodz.pl\/wp-content\/uploads\/2022\/11\/lipoliza-1024x439.jpg\" class=\"attachment-large size-large wp-image-2603\" alt=\"lipoliza\" srcset=\"https:\/\/diamentspalodz.pl\/wp-content\/uploads\/2022\/11\/lipoliza-1024x439.jpg 1024w, https:\/\/diamentspalodz.pl\/wp-content\/uploads\/2022\/11\/lipoliza-300x129.jpg 300w, https:\/\/diamentspalodz.pl\/wp-content\/uploads\/2022\/11\/lipoliza-768x329.jpg 768w, https:\/\/diamentspalodz.pl\/wp-content\/uploads\/2022\/11\/lipoliza-1536x658.jpg 1536w, https:\/\/diamentspalodz.pl\/wp-content\/uploads\/2022\/11\/lipoliza-2048x878.jpg 2048w\" sizes=\"(max-width: 1024px) 100vw, 1024px\" \/>\t\t\t\t\t\t\t\t\t\t\t\t\t<\/div>\n\t\t\t\t<\/div>\n\t\t\t\t<div class=\"elementor-element elementor-element-19cc2826 elementor-invisible elementor-widget elementor-widget-heading\" data-id=\"19cc2826\" data-element_type=\"widget\" data-settings=\"{&quot;_animation&quot;:&quot;fadeInLeft&quot;,&quot;_animation_delay&quot;:400}\" data-widget_type=\"heading.default\">\n\t\t\t\t<div class=\"elementor-widget-container\">\n\t\t\t<h2 class=\"elementor-heading-title elementor-size-default\">dzia\u0142anie<\/h2>\t\t<\/div>\n\t\t\t\t<\/div>\n\t\t\t\t<div class=\"elementor-element elementor-element-4b0d4ab4 elementor-invisible elementor-widget elementor-widget-text-editor\" data-id=\"4b0d4ab4\" data-element_type=\"widget\" data-settings=\"{&quot;_animation&quot;:&quot;fadeInLeft&quot;,&quot;_animation_delay&quot;:400}\" data-widget_type=\"text-editor.default\">\n\t\t\t\t<div class=\"elementor-widget-container\">\n\t\t\t\t\t\t\t<p>Najnowszym osi\u0105gni\u0119ciem po\u0142udniowokorea\u0144skiego laboratorium KORU Pharma jest prepaarat Lipo Lax. Jego podstaw\u0105 jest naturalna lipoliza. <br \/>Dzi\u0119ki iniekcjom lipolitycznym jedna cz\u0105steczka riglicerolu, g\u0142\u00f3wnego sk\u0142adnika t\u0142uszczowego kom\u00f3rki t\u0142uszczowej, rozpada si\u0119 na trzy cz\u0105steczki kwasu t\u0142uszczowego i jedn\u0105 cz\u0105steczk\u0119 glicerolu. Po na\u0142o\u017ceniu \u017celu t\u0142uszcz p rzestaje gromadzi\u0107 si\u0119.<\/p><p>Lipoliza iniekcyjna to nieinwazyjne modelowanie sylwetki, polegaj\u0105ce na wprowadzeniu za pomoc\u0105 zastrzyk\u00f3w substancji powoduj\u0105cej likwidacj\u0119 kom\u00f3rek t\u0142uszczowych.<\/p><p>W rezultacie kom\u00f3rki ulegaj\u0105 rozpuszczeniu, uwolnione t\u0142uszcze rozk\u0142adane w procesie przemiany materii s\u0105 wydalane z organizmu.<\/p>\t\t\t\t\t\t<\/div>\n\t\t\t\t<\/div>\n\t\t\t\t\t<\/div>\n\t\t<\/div>\n\t\t\t\t\t<\/div>\n\t\t<\/section>\n\t\t\t\t\t<\/div>\n\t\t<\/div>\n\t\t\t\t\t<\/div>\n\t\t<\/section>\n\t\t\t\t<\/div>\n\t\t","protected":false},"excerpt":{"rendered":"<p>LIPOLIZA INIEKCYJNA &#8211; USUWANIE T\u0141USZCZU Lipoliza iniekcyjna Preparatem LIPOLAX Lipopolityki s\u0105 najnowocze\u015bniejszym i bezpieczniejszym \u015brodkiem do rozdzielania \u0142uszczowych depozyt\u00f3w: mog\u0105 odpowiednio onkurowa\u0107 z technikami sprz\u0119towymi, s\u0105 mniej traumatyczne, bezbolesne i nie wywo\u0142uj\u0105 komplikacji. Lipoliza to najnowocze\u015bniejsza metoda medycyny estetycznej, kt\u00f3ra pozwala na bezoperacyjn\u0105, trwa\u0142\u0105 i skuteczn\u0105 redukcj\u0119 tkanki \u0142uszczowej. dzia\u0142anie Najnowszym osi\u0105gni\u0119ciem po\u0142udniowokorea\u0144skiego laboratorium KORU [&hellip;]<\/p>\n","protected":false},"author":1,"featured_media":0,"parent":0,"menu_order":0,"comment_status":"closed","ping_status":"closed","template":"","meta":{"footnotes":""},"class_list":["post-3758","page","type-page","status-publish","hentry","entry"],"yoast_head":"<!-- This site is optimized with the Yoast SEO plugin v19.7.2 - https:\/\/yoast.com\/wordpress\/plugins\/seo\/ -->\n<title>Lipoliza iniekcyjna - Diament body &amp; mind spa \u0141\u00f3d\u017a<\/title>\n<meta name=\"robots\" content=\"index, follow, max-snippet:-1, max-image-preview:large, max-video-preview:-1\" \/>\n<link rel=\"canonical\" href=\"https:\/\/diamentspalodz.pl\/index.php\/brwi-permanentne-i-pudrowe\/\" \/>\n<meta property=\"og:locale\" content=\"pl_PL\" \/>\n<meta property=\"og:type\" content=\"article\" \/>\n<meta property=\"og:title\" content=\"Lipoliza iniekcyjna - Diament body &amp; mind spa \u0141\u00f3d\u017a\" \/>\n<meta property=\"og:description\" content=\"LIPOLIZA INIEKCYJNA &#8211; USUWANIE T\u0141USZCZU Lipoliza iniekcyjna Preparatem LIPOLAX Lipopolityki s\u0105 najnowocze\u015bniejszym i bezpieczniejszym \u015brodkiem do rozdzielania \u0142uszczowych depozyt\u00f3w: mog\u0105 odpowiednio onkurowa\u0107 z technikami sprz\u0119towymi, s\u0105 mniej traumatyczne, bezbolesne i nie wywo\u0142uj\u0105 komplikacji. Lipoliza to najnowocze\u015bniejsza metoda medycyny estetycznej, kt\u00f3ra pozwala na bezoperacyjn\u0105, trwa\u0142\u0105 i skuteczn\u0105 redukcj\u0119 tkanki \u0142uszczowej. dzia\u0142anie Najnowszym osi\u0105gni\u0119ciem po\u0142udniowokorea\u0144skiego laboratorium KORU [&hellip;]\" \/>\n<meta property=\"og:url\" content=\"https:\/\/diamentspalodz.pl\/index.php\/brwi-permanentne-i-pudrowe\/\" \/>\n<meta property=\"og:site_name\" content=\"Diament body &amp; mind spa \u0141\u00f3d\u017a\" \/>\n<meta property=\"article:modified_time\" content=\"2025-01-14T09:41:38+00:00\" \/>\n<meta property=\"og:image\" content=\"https:\/\/diamentspalodz.pl\/wp-content\/uploads\/2022\/11\/lipoliza-1024x439.jpg\" \/>\n<meta name=\"twitter:card\" content=\"summary_large_image\" \/>\n<meta name=\"twitter:label1\" content=\"Szacowany czas czytania\" \/>\n\t<meta name=\"twitter:data1\" content=\"1 minuta\" \/>\n<script type=\"application\/ld+json\" class=\"yoast-schema-graph\">{\"@context\":\"https:\/\/schema.org\",\"@graph\":[{\"@type\":\"WebPage\",\"@id\":\"https:\/\/diamentspalodz.pl\/index.php\/brwi-permanentne-i-pudrowe\/\",\"url\":\"https:\/\/diamentspalodz.pl\/index.php\/brwi-permanentne-i-pudrowe\/\",\"name\":\"Lipoliza iniekcyjna - Diament body &amp; mind spa \u0141\u00f3d\u017a\",\"isPartOf\":{\"@id\":\"https:\/\/diamentspalodz.pl\/#website\"},\"datePublished\":\"2024-11-14T18:03:37+00:00\",\"dateModified\":\"2025-01-14T09:41:38+00:00\",\"breadcrumb\":{\"@id\":\"https:\/\/diamentspalodz.pl\/index.php\/brwi-permanentne-i-pudrowe\/#breadcrumb\"},\"inLanguage\":\"pl-PL\",\"potentialAction\":[{\"@type\":\"ReadAction\",\"target\":[\"https:\/\/diamentspalodz.pl\/index.php\/brwi-permanentne-i-pudrowe\/\"]}]},{\"@type\":\"BreadcrumbList\",\"@id\":\"https:\/\/diamentspalodz.pl\/index.php\/brwi-permanentne-i-pudrowe\/#breadcrumb\",\"itemListElement\":[{\"@type\":\"ListItem\",\"position\":1,\"name\":\"Strona g\u0142\u00f3wna\",\"item\":\"https:\/\/diamentspalodz.pl\/\"},{\"@type\":\"ListItem\",\"position\":2,\"name\":\"Lipoliza iniekcyjna\"}]},{\"@type\":\"WebSite\",\"@id\":\"https:\/\/diamentspalodz.pl\/#website\",\"url\":\"https:\/\/diamentspalodz.pl\/\",\"name\":\"Diament body &amp; mind spa \u0141\u00f3d\u017a\",\"description\":\"Spa w \u0141odzi, salon kosmetyczny, zabiegi na twarz i cia\u0142o, odchudzanie, odm\u0142adzanie, brwi permanentne, trychologia, likwidacja zmarszczek, lifting twarzy, modelowanie sylwetki, lipoliza, spalanie t\u0142uszczu, likwidacja cellulitu\",\"publisher\":{\"@id\":\"https:\/\/diamentspalodz.pl\/#organization\"},\"potentialAction\":[{\"@type\":\"SearchAction\",\"target\":{\"@type\":\"EntryPoint\",\"urlTemplate\":\"https:\/\/diamentspalodz.pl\/?s={search_term_string}\"},\"query-input\":\"required name=search_term_string\"}],\"inLanguage\":\"pl-PL\"},{\"@type\":\"Organization\",\"@id\":\"https:\/\/diamentspalodz.pl\/#organization\",\"name\":\"Diament body &amp; mind spa \u0141\u00f3d\u017a\",\"url\":\"https:\/\/diamentspalodz.pl\/\",\"sameAs\":[],\"logo\":{\"@type\":\"ImageObject\",\"inLanguage\":\"pl-PL\",\"@id\":\"https:\/\/diamentspalodz.pl\/#\/schema\/logo\/image\/\",\"url\":\"https:\/\/diamentspalodz.pl\/wp-content\/uploads\/2022\/10\/logo-dlugie-2.png\",\"contentUrl\":\"https:\/\/diamentspalodz.pl\/wp-content\/uploads\/2022\/10\/logo-dlugie-2.png\",\"width\":267,\"height\":61,\"caption\":\"Diament body &amp; mind spa \u0141\u00f3d\u017a\"},\"image\":{\"@id\":\"https:\/\/diamentspalodz.pl\/#\/schema\/logo\/image\/\"}}]}<\/script>\n<!-- \/ Yoast SEO plugin. -->","yoast_head_json":{"title":"Lipoliza iniekcyjna - Diament body &amp; mind spa \u0141\u00f3d\u017a","robots":{"index":"index","follow":"follow","max-snippet":"max-snippet:-1","max-image-preview":"max-image-preview:large","max-video-preview":"max-video-preview:-1"},"canonical":"https:\/\/diamentspalodz.pl\/index.php\/brwi-permanentne-i-pudrowe\/","og_locale":"pl_PL","og_type":"article","og_title":"Lipoliza iniekcyjna - Diament body &amp; mind spa \u0141\u00f3d\u017a","og_description":"LIPOLIZA INIEKCYJNA &#8211; USUWANIE T\u0141USZCZU Lipoliza iniekcyjna Preparatem LIPOLAX Lipopolityki s\u0105 najnowocze\u015bniejszym i bezpieczniejszym \u015brodkiem do rozdzielania \u0142uszczowych depozyt\u00f3w: mog\u0105 odpowiednio onkurowa\u0107 z technikami sprz\u0119towymi, s\u0105 mniej traumatyczne, bezbolesne i nie wywo\u0142uj\u0105 komplikacji. Lipoliza to najnowocze\u015bniejsza metoda medycyny estetycznej, kt\u00f3ra pozwala na bezoperacyjn\u0105, trwa\u0142\u0105 i skuteczn\u0105 redukcj\u0119 tkanki \u0142uszczowej. dzia\u0142anie Najnowszym osi\u0105gni\u0119ciem po\u0142udniowokorea\u0144skiego laboratorium KORU [&hellip;]","og_url":"https:\/\/diamentspalodz.pl\/index.php\/brwi-permanentne-i-pudrowe\/","og_site_name":"Diament body &amp; mind spa \u0141\u00f3d\u017a","article_modified_time":"2025-01-14T09:41:38+00:00","og_image":[{"url":"https:\/\/diamentspalodz.pl\/wp-content\/uploads\/2022\/11\/lipoliza-1024x439.jpg"}],"twitter_card":"summary_large_image","twitter_misc":{"Szacowany czas czytania":"1 minuta"},"schema":{"@context":"https:\/\/schema.org","@graph":[{"@type":"WebPage","@id":"https:\/\/diamentspalodz.pl\/index.php\/brwi-permanentne-i-pudrowe\/","url":"https:\/\/diamentspalodz.pl\/index.php\/brwi-permanentne-i-pudrowe\/","name":"Lipoliza iniekcyjna - Diament body &amp; mind spa \u0141\u00f3d\u017a","isPartOf":{"@id":"https:\/\/diamentspalodz.pl\/#website"},"datePublished":"2024-11-14T18:03:37+00:00","dateModified":"2025-01-14T09:41:38+00:00","breadcrumb":{"@id":"https:\/\/diamentspalodz.pl\/index.php\/brwi-permanentne-i-pudrowe\/#breadcrumb"},"inLanguage":"pl-PL","potentialAction":[{"@type":"ReadAction","target":["https:\/\/diamentspalodz.pl\/index.php\/brwi-permanentne-i-pudrowe\/"]}]},{"@type":"BreadcrumbList","@id":"https:\/\/diamentspalodz.pl\/index.php\/brwi-permanentne-i-pudrowe\/#breadcrumb","itemListElement":[{"@type":"ListItem","position":1,"name":"Strona g\u0142\u00f3wna","item":"https:\/\/diamentspalodz.pl\/"},{"@type":"ListItem","position":2,"name":"Lipoliza iniekcyjna"}]},{"@type":"WebSite","@id":"https:\/\/diamentspalodz.pl\/#website","url":"https:\/\/diamentspalodz.pl\/","name":"Diament body &amp; mind spa \u0141\u00f3d\u017a","description":"Spa w \u0141odzi, salon kosmetyczny, zabiegi na twarz i cia\u0142o, odchudzanie, odm\u0142adzanie, brwi permanentne, trychologia, likwidacja zmarszczek, lifting twarzy, modelowanie sylwetki, lipoliza, spalanie t\u0142uszczu, likwidacja cellulitu","publisher":{"@id":"https:\/\/diamentspalodz.pl\/#organization"},"potentialAction":[{"@type":"SearchAction","target":{"@type":"EntryPoint","urlTemplate":"https:\/\/diamentspalodz.pl\/?s={search_term_string}"},"query-input":"required name=search_term_string"}],"inLanguage":"pl-PL"},{"@type":"Organization","@id":"https:\/\/diamentspalodz.pl\/#organization","name":"Diament body &amp; mind spa \u0141\u00f3d\u017a","url":"https:\/\/diamentspalodz.pl\/","sameAs":[],"logo":{"@type":"ImageObject","inLanguage":"pl-PL","@id":"https:\/\/diamentspalodz.pl\/#\/schema\/logo\/image\/","url":"https:\/\/diamentspalodz.pl\/wp-content\/uploads\/2022\/10\/logo-dlugie-2.png","contentUrl":"https:\/\/diamentspalodz.pl\/wp-content\/uploads\/2022\/10\/logo-dlugie-2.png","width":267,"height":61,"caption":"Diament body &amp; mind spa \u0141\u00f3d\u017a"},"image":{"@id":"https:\/\/diamentspalodz.pl\/#\/schema\/logo\/image\/"}}]}},"_links":{"self":[{"href":"https:\/\/diamentspalodz.pl\/index.php\/wp-json\/wp\/v2\/pages\/3758","targetHints":{"allow":["GET"]}}],"collection":[{"href":"https:\/\/diamentspalodz.pl\/index.php\/wp-json\/wp\/v2\/pages"}],"about":[{"href":"https:\/\/diamentspalodz.pl\/index.php\/wp-json\/wp\/v2\/types\/page"}],"author":[{"embeddable":true,"href":"https:\/\/diamentspalodz.pl\/index.php\/wp-json\/wp\/v2\/users\/1"}],"replies":[{"embeddable":true,"href":"https:\/\/diamentspalodz.pl\/index.php\/wp-json\/wp\/v2\/comments?post=3758"}],"version-history":[{"count":14,"href":"https:\/\/diamentspalodz.pl\/index.php\/wp-json\/wp\/v2\/pages\/3758\/revisions"}],"predecessor-version":[{"id":4028,"href":"https:\/\/diamentspalodz.pl\/index.php\/wp-json\/wp\/v2\/pages\/3758\/revisions\/4028"}],"wp:attachment":[{"href":"https:\/\/diamentspalodz.pl\/index.php\/wp-json\/wp\/v2\/media?parent=3758"}],"curies":[{"name":"wp","href":"https:\/\/api.w.org\/{rel}","templated":true}]}}