{"id":3766,"date":"2024-11-14T19:06:14","date_gmt":"2024-11-14T18:06:14","guid":{"rendered":"https:\/\/diamentspalodz.pl\/?page_id=3766"},"modified":"2025-01-14T10:23:09","modified_gmt":"2025-01-14T09:23:09","slug":"meltivio","status":"publish","type":"page","link":"https:\/\/diamentspalodz.pl\/index.php\/meltivio\/","title":{"rendered":"Meltivio"},"content":{"rendered":"\t\t<div data-elementor-type=\"wp-page\" data-elementor-id=\"3766\" class=\"elementor elementor-3766\">\n\t\t\t\t\t\t<section class=\"has_eae_slider elementor-section elementor-inner-section elementor-element elementor-element-24d4bc54 elementor-section-boxed elementor-section-height-default elementor-section-height-default elementor-invisible\" data-id=\"24d4bc54\" data-element_type=\"section\" data-settings=\"{&quot;animation&quot;:&quot;fadeIn&quot;,&quot;_ha_eqh_enable&quot;:false}\">\n\t\t\t\t\t\t<div class=\"elementor-container elementor-column-gap-default\">\n\t\t\t\t\t<div class=\"has_eae_slider elementor-column elementor-col-50 elementor-inner-column elementor-element elementor-element-521e38ab elementor-invisible\" data-id=\"521e38ab\" data-element_type=\"column\" data-settings=\"{&quot;animation&quot;:&quot;fadeIn&quot;}\">\n\t\t\t<div class=\"elementor-widget-wrap elementor-element-populated\">\n\t\t\t\t\t\t<div class=\"elementor-element elementor-element-5cb26e34 elementor-invisible elementor-widget elementor-widget-heading\" data-id=\"5cb26e34\" data-element_type=\"widget\" data-settings=\"{&quot;_animation&quot;:&quot;fadeInLeft&quot;,&quot;_animation_delay&quot;:400}\" data-widget_type=\"heading.default\">\n\t\t\t\t<div class=\"elementor-widget-container\">\n\t\t\t<h2 class=\"elementor-heading-title elementor-size-default\">LIPOLITYCZNO-FIZJOLOGICZNY LIFTING WYSZCZUPLAJ\u0104CY<\/h2>\t\t<\/div>\n\t\t\t\t<\/div>\n\t\t\t\t<div class=\"elementor-element elementor-element-5f9a0db elementor-invisible elementor-widget elementor-widget-heading\" data-id=\"5f9a0db\" data-element_type=\"widget\" data-settings=\"{&quot;_animation&quot;:&quot;fadeInLeft&quot;,&quot;_animation_delay&quot;:400}\" data-widget_type=\"heading.default\">\n\t\t\t\t<div class=\"elementor-widget-container\">\n\t\t\t<h2 class=\"elementor-heading-title elementor-size-default\">efekty:<\/h2>\t\t<\/div>\n\t\t\t\t<\/div>\n\t\t\t\t<div class=\"elementor-element elementor-element-43baf3fc elementor-invisible elementor-widget elementor-widget-text-editor\" data-id=\"43baf3fc\" data-element_type=\"widget\" data-settings=\"{&quot;_animation&quot;:&quot;fadeInLeft&quot;,&quot;_animation_delay&quot;:400}\" data-widget_type=\"text-editor.default\">\n\t\t\t\t<div class=\"elementor-widget-container\">\n\t\t\t\t\t\t\t<ul><li>lifting wyszczuplaj\u0105cy w obr\u0119bie twarzy i cia\u0142a,<\/li><li>zag\u0119szczenie, przebudowa i uj\u0119drnienie sk\u00f3ry,<\/li><li>sk\u00f3ra staje si\u0119 g\u0142adsza i rozja\u015bniona,<\/li><li>zmniejszenie widoczno\u015bci zmarszczek,<\/li><li>znaczna redukcja tkanki t\u0142uszczowej,<\/li><li>sp\u0142ycenie kurzych \u0142apek,<\/li><li>lipolifting powiek,<\/li><li>zmniejszenie opadania policzk\u00f3w,<\/li><li>spalanie \u201epoduszek bichata\u201d,<\/li><li>uniesienie policzk\u00f3w,<\/li><li>zag\u0119szczenie i poprawa j\u0119drno\u015bci twarzy, szyi i dekoltu,<\/li><li>uniesienie i podniesienie sk\u00f3ry twarzy.<\/li><li>\u00a0<\/li><\/ul>\t\t\t\t\t\t<\/div>\n\t\t\t\t<\/div>\n\t\t\t\t<div class=\"elementor-element elementor-element-7d13b297 elementor-invisible elementor-widget elementor-widget-text-editor\" data-id=\"7d13b297\" data-element_type=\"widget\" data-settings=\"{&quot;_animation&quot;:&quot;fadeInLeft&quot;,&quot;_animation_delay&quot;:400}\" data-widget_type=\"text-editor.default\">\n\t\t\t\t<div class=\"elementor-widget-container\">\n\t\t\t\t\t\t\t<p>MELTIVIO\u2122 to najnowsze urz\u0105dzenie w rodzinie technologii Hi-Tech marki M&#8217;ONDUNIQ, kt\u00f3re umo\u017cliwia wykonanie liftingu wyszczuplaj\u0105cego w obr\u0119bie twarzy jak i cia\u0142a. Urz\u0105dzenie posiada szerokie spektrum mo\u017cliwo\u015bci zastosowania dwubiegunowej funkcji fali o cz\u0119stotliwo\u015bci radiowej i zmiennym napi\u0119ciu czasowym 448 kHz.<\/p>\t\t\t\t\t\t<\/div>\n\t\t\t\t<\/div>\n\t\t\t\t\t<\/div>\n\t\t<\/div>\n\t\t\t\t<div class=\"has_eae_slider elementor-column elementor-col-50 elementor-inner-column elementor-element elementor-element-1e2d1983 elementor-invisible\" data-id=\"1e2d1983\" data-element_type=\"column\" data-settings=\"{&quot;animation&quot;:&quot;fadeIn&quot;}\">\n\t\t\t<div class=\"elementor-widget-wrap elementor-element-populated\">\n\t\t\t\t\t\t<div class=\"elementor-element elementor-element-3eb24de8 elementor-widget elementor-widget-image\" data-id=\"3eb24de8\" data-element_type=\"widget\" data-widget_type=\"image.default\">\n\t\t\t\t<div class=\"elementor-widget-container\">\n\t\t\t\t\t\t\t\t\t\t\t\t\t<img fetchpriority=\"high\" decoding=\"async\" width=\"1024\" height=\"1024\" src=\"https:\/\/diamentspalodz.pl\/wp-content\/uploads\/2024\/01\/meltivio-1024x1024.webp\" class=\"attachment-large size-large wp-image-3493\" alt=\"meltivio zabiegi na twarz\" srcset=\"https:\/\/diamentspalodz.pl\/wp-content\/uploads\/2024\/01\/meltivio-1024x1024.webp 1024w, https:\/\/diamentspalodz.pl\/wp-content\/uploads\/2024\/01\/meltivio-300x300.webp 300w, https:\/\/diamentspalodz.pl\/wp-content\/uploads\/2024\/01\/meltivio-150x150.webp 150w, https:\/\/diamentspalodz.pl\/wp-content\/uploads\/2024\/01\/meltivio-768x768.webp 768w, https:\/\/diamentspalodz.pl\/wp-content\/uploads\/2024\/01\/meltivio-600x600.webp 600w, https:\/\/diamentspalodz.pl\/wp-content\/uploads\/2024\/01\/meltivio.webp 1200w\" sizes=\"(max-width: 1024px) 100vw, 1024px\" \/>\t\t\t\t\t\t\t\t\t\t\t\t\t<\/div>\n\t\t\t\t<\/div>\n\t\t\t\t<div class=\"elementor-element elementor-element-446b9997 elementor-invisible elementor-widget elementor-widget-heading\" data-id=\"446b9997\" data-element_type=\"widget\" data-settings=\"{&quot;_animation&quot;:&quot;fadeInLeft&quot;,&quot;_animation_delay&quot;:400}\" data-widget_type=\"heading.default\">\n\t\t\t\t<div class=\"elementor-widget-container\">\n\t\t\t<h2 class=\"elementor-heading-title elementor-size-default\">dzia\u0142anie<\/h2>\t\t<\/div>\n\t\t\t\t<\/div>\n\t\t\t\t<div class=\"elementor-element elementor-element-40c61b3b elementor-invisible elementor-widget elementor-widget-text-editor\" data-id=\"40c61b3b\" data-element_type=\"widget\" data-settings=\"{&quot;_animation&quot;:&quot;fadeInLeft&quot;,&quot;_animation_delay&quot;:400}\" data-widget_type=\"text-editor.default\">\n\t\t\t\t<div class=\"elementor-widget-container\">\n\t\t\t\t\t\t\t<p>W ramach partii zabiegowej obj\u0119tej procedur\u0105 MELTIVIO\u2122 wywo\u0142ywane jest zjawisko polaryzacji, kt\u00f3re sprawia, \u017ce elektrony zderzaj\u0105 si\u0119 ze sob\u0105, obracaj\u0105 i skr\u0119caj\u0105. Generuje to lipolityczno-fizjologiczn\u0105 energi\u0119 ciepln\u0105 i zwi\u0119kszenie temperatury w g\u0142\u0119bi sk\u00f3ry. W ten spos\u00f3b wymuszamy na w\u0142\u00f3knach kolagenowych ich przebudow\u0119, odbudow\u0119 i remodeling. Owocuje to pozytywnymi i widocznymi zmianami, pozwalaj\u0105c na wykorzystania technologii w zabiegach liftinguj\u0105cych.<\/p>\t\t\t\t\t\t<\/div>\n\t\t\t\t<\/div>\n\t\t\t\t\t<\/div>\n\t\t<\/div>\n\t\t\t\t\t<\/div>\n\t\t<\/section>\n\t\t\t\t<section class=\"has_eae_slider elementor-section elementor-inner-section elementor-element elementor-element-147b23b0 elementor-section-full_width elementor-section-height-default elementor-section-height-default elementor-invisible\" data-id=\"147b23b0\" data-element_type=\"section\" data-settings=\"{&quot;background_background&quot;:&quot;classic&quot;,&quot;animation&quot;:&quot;fadeIn&quot;,&quot;animation_delay&quot;:200,&quot;_ha_eqh_enable&quot;:false}\">\n\t\t\t\t\t\t<div class=\"elementor-container elementor-column-gap-no\">\n\t\t\t\t\t<div class=\"has_eae_slider elementor-column elementor-col-100 elementor-inner-column elementor-element elementor-element-a51d12f\" data-id=\"a51d12f\" data-element_type=\"column\" data-settings=\"{&quot;animation_mobile&quot;:&quot;fadeIn&quot;,&quot;background_background&quot;:&quot;classic&quot;}\">\n\t\t\t<div class=\"elementor-widget-wrap elementor-element-populated\">\n\t\t\t\t\t\t<div data-ha-element-link=\"{&quot;url&quot;:&quot;http:\\\/\\\/facebook.pl\\\/diamentbodymindspalodz&quot;,&quot;is_external&quot;:&quot;&quot;,&quot;nofollow&quot;:&quot;&quot;,&quot;custom_attributes&quot;:&quot;&quot;}\" style=\"cursor: pointer\" class=\"elementor-element elementor-element-58f9801a elementor-widget elementor-widget-heading\" data-id=\"58f9801a\" data-element_type=\"widget\" data-widget_type=\"heading.default\">\n\t\t\t\t<div class=\"elementor-widget-container\">\n\t\t\t<h2 class=\"elementor-heading-title elementor-size-default\"><a href=\"https:\/\/www.facebook.com\/diamentbodymindspalodz\/\">POLUB NAS NA FACEBOOKU <\/a><\/h2>\t\t<\/div>\n\t\t\t\t<\/div>\n\t\t\t\t<div data-ha-element-link=\"{&quot;url&quot;:&quot;http:\\\/\\\/facebook.pl\\\/diamentbodymindspalodz&quot;,&quot;is_external&quot;:&quot;&quot;,&quot;nofollow&quot;:&quot;&quot;,&quot;custom_attributes&quot;:&quot;&quot;}\" style=\"cursor: pointer\" class=\"elementor-element elementor-element-55ca6b0e elementor-widget elementor-widget-heading\" data-id=\"55ca6b0e\" data-element_type=\"widget\" data-widget_type=\"heading.default\">\n\t\t\t\t<div class=\"elementor-widget-container\">\n\t\t\t<h2 class=\"elementor-heading-title elementor-size-default\"><a href=\"https:\/\/www.facebook.com\/diamentbodymindspalodz\/\">TUTAJ S\u0104 PROMOCJE I KONKURSY!!!!<\/a><\/h2>\t\t<\/div>\n\t\t\t\t<\/div>\n\t\t\t\t<div data-ha-element-link=\"{&quot;url&quot;:&quot;http:\\\/\\\/facebook.pl\\\/diamentbodymindspalodz&quot;,&quot;is_external&quot;:&quot;&quot;,&quot;nofollow&quot;:&quot;&quot;,&quot;custom_attributes&quot;:&quot;&quot;}\" style=\"cursor: pointer\" class=\"elementor-element elementor-element-590307ba elementor-widget elementor-widget-heading\" data-id=\"590307ba\" data-element_type=\"widget\" data-widget_type=\"heading.default\">\n\t\t\t\t<div class=\"elementor-widget-container\">\n\t\t\t<h2 class=\"elementor-heading-title elementor-size-default\"><a href=\"https:\/\/www.facebook.com\/diamentbodymindspalodz\/\">Salon kosmetyczny \u0141\u00f3d\u017a Diament<\/a><\/h2>\t\t<\/div>\n\t\t\t\t<\/div>\n\t\t\t\t<div class=\"elementor-element elementor-element-5ece2a77 elementor-widget__width-initial elementor-widget elementor-widget-cff-widget\" data-id=\"5ece2a77\" data-element_type=\"widget\" data-widget_type=\"cff-widget.default\">\n\t\t\t\t<div class=\"elementor-widget-container\">\n\t\t\t<div class=\"cff-wrapper\">\t<div id=\"cff-visual-header-110843798438115\" class=\"cff-visual-header cff-has-name cff-has-about\">\n\t\t\t\t\t\t<div class=\"cff-header-inner-wrap\">\n\t\t\t\t\t\t<div class=\"cff-header-text\" >\n\n\t\t\t\t            <a href=\"https:\/\/facebook.com\/110843798438115\" target=\"_blank\" rel=\"nofollow noopener\" title=\"\" class=\"cff-header-name\"><h3 style=\"font-size:inheritpx;\"><\/h3><\/a>\n\t\t\t\t        \t\t\t\t\t\t<\/div>\n\t\t<\/div>\n\t<\/div>\n<div class=\"cff-wrapper-ctn  cff-wrapper-fixed-height\"  style=\"height:200px;\" ><div id=\"cff\"  class=\"cff cff-list-container  cff-fixed-height  cff-default-styles  cff-mob-cols-1 cff-tab-cols-1\"   style=\"width:100%;\"   data-char=\"400\" ><div class=\"cff-error-msg\">\n\t<div>\n\t\t<i class=\"fa fa-lock\" aria-hidden=\"true\" style=\"margin-right: 5px;\"><\/i><b>This message is only visible to admins.<\/b><br\/>\n\t\tProblem displaying Facebook posts.\t\t\t\t\t<br\/><a href=\"javascript:void(0);\" id=\"cff-show-error\" onclick=\"cffShowError()\">Click to show error<\/a>\n\t\t\t<script type=\"text\/javascript\">function cffShowError() { document.getElementById(\"cff-error-reason\").style.display = \"block\"; document.getElementById(\"cff-show-error\").style.display = \"none\"; }<\/script>\n\t\t\t<\/div>\n\t\t\t<div id=\"cff-error-reason\">\n\t\t\t\t\t\t\t\t\t\t\t\t\t\t\t\t\t\t\t\t\t\t\t\t\t\t\t\t\t<b>Error:<\/b> Server configuration issue\t\t\t\t\t\t\t\t\t\t\t\t\n\t\t\t<\/div>\n\t\t\t\t\n<\/div>\n<div class=\"cff-posts-wrap\">\n<div class=\"cff-likebox cff-bottom\" >\n\t\t<iframe src=\"\" class=\"fb_iframe_widget\" data-likebox-id=\"110843798438115\" data-likebox-width=\"300\" data-likebox-header=\"\" data-hide-cover=\"\" data-hide-cta=\"\" data-likebox-faces=\"\" data-height=\"130\" data-locale=\"pl_PL\" scrolling=\"no\" allowTransparency=\"true\" allow=\"encrypted-media\" ><\/iframe>\n<\/div><\/div><input class=\"cff-pag-url\" type=\"hidden\" data-locatornonce=\"37daececc3\" data-cff-shortcode=\"{&quot;feed&quot;: &quot;1&quot;}\" data-post-id=\"3766\" data-feed-id=\"110843798438115\"><\/div><\/div><div class=\"cff-clear\"><\/div><\/div>\t\t<\/div>\n\t\t\t\t<\/div>\n\t\t\t\t\t<\/div>\n\t\t<\/div>\n\t\t\t\t\t<\/div>\n\t\t<\/section>\n\t\t\t\t<section class=\"has_eae_slider elementor-section elementor-top-section elementor-element elementor-element-383f5649 elementor-section-boxed elementor-section-height-default elementor-section-height-default\" data-id=\"383f5649\" data-element_type=\"section\" data-settings=\"{&quot;_ha_eqh_enable&quot;:false}\">\n\t\t\t\t\t\t<div class=\"elementor-container elementor-column-gap-default\">\n\t\t\t\t\t<div class=\"has_eae_slider elementor-column elementor-col-100 elementor-top-column elementor-element elementor-element-17e27283\" data-id=\"17e27283\" data-element_type=\"column\">\n\t\t\t<div class=\"elementor-widget-wrap elementor-element-populated\">\n\t\t\t\t\t\t<div class=\"elementor-element elementor-element-26969ec8 elementor-mobile-align-center elementor-widget elementor-widget-button\" data-id=\"26969ec8\" data-element_type=\"widget\" data-widget_type=\"button.default\">\n\t\t\t\t<div class=\"elementor-widget-container\">\n\t\t\t\t\t<div class=\"elementor-button-wrapper\">\n\t\t\t<a class=\"elementor-button elementor-button-link elementor-size-sm\" href=\"https:\/\/diamentspalodz.pl\/index.php\/kontakt\/\">\n\t\t\t\t\t\t<span class=\"elementor-button-content-wrapper\">\n\t\t\t\t\t\t\t\t\t<span class=\"elementor-button-text\">KONTAKT<\/span>\n\t\t\t\t\t<\/span>\n\t\t\t\t\t<\/a>\n\t\t<\/div>\n\t\t\t\t<\/div>\n\t\t\t\t<\/div>\n\t\t\t\t\t<\/div>\n\t\t<\/div>\n\t\t\t\t\t<\/div>\n\t\t<\/section>\n\t\t\t\t<\/div>\n\t\t","protected":false},"excerpt":{"rendered":"<p>LIPOLITYCZNO-FIZJOLOGICZNY LIFTING WYSZCZUPLAJ\u0104CY efekty: lifting wyszczuplaj\u0105cy w obr\u0119bie twarzy i cia\u0142a, zag\u0119szczenie, przebudowa i uj\u0119drnienie sk\u00f3ry, sk\u00f3ra staje si\u0119 g\u0142adsza i rozja\u015bniona, zmniejszenie widoczno\u015bci zmarszczek, znaczna redukcja tkanki t\u0142uszczowej, sp\u0142ycenie kurzych \u0142apek, lipolifting powiek, zmniejszenie opadania policzk\u00f3w, spalanie \u201epoduszek bichata\u201d, uniesienie policzk\u00f3w, zag\u0119szczenie i poprawa j\u0119drno\u015bci twarzy, szyi i dekoltu, uniesienie i podniesienie sk\u00f3ry twarzy. [&hellip;]<\/p>\n","protected":false},"author":1,"featured_media":0,"parent":0,"menu_order":0,"comment_status":"closed","ping_status":"closed","template":"","meta":{"footnotes":""},"class_list":["post-3766","page","type-page","status-publish","hentry","entry"],"yoast_head":"<!-- This site is optimized with the Yoast SEO plugin v19.7.2 - https:\/\/yoast.com\/wordpress\/plugins\/seo\/ -->\n<title>Meltivio - Diament body &amp; mind spa \u0141\u00f3d\u017a<\/title>\n<meta name=\"robots\" content=\"index, follow, max-snippet:-1, max-image-preview:large, max-video-preview:-1\" \/>\n<link rel=\"canonical\" href=\"https:\/\/diamentspalodz.pl\/index.php\/meltivio\/\" \/>\n<meta property=\"og:locale\" content=\"pl_PL\" \/>\n<meta property=\"og:type\" content=\"article\" \/>\n<meta property=\"og:title\" content=\"Meltivio - Diament body &amp; mind spa \u0141\u00f3d\u017a\" \/>\n<meta property=\"og:description\" content=\"LIPOLITYCZNO-FIZJOLOGICZNY LIFTING WYSZCZUPLAJ\u0104CY efekty: lifting wyszczuplaj\u0105cy w obr\u0119bie twarzy i cia\u0142a, zag\u0119szczenie, przebudowa i uj\u0119drnienie sk\u00f3ry, sk\u00f3ra staje si\u0119 g\u0142adsza i rozja\u015bniona, zmniejszenie widoczno\u015bci zmarszczek, znaczna redukcja tkanki t\u0142uszczowej, sp\u0142ycenie kurzych \u0142apek, lipolifting powiek, zmniejszenie opadania policzk\u00f3w, spalanie \u201epoduszek bichata\u201d, uniesienie policzk\u00f3w, zag\u0119szczenie i poprawa j\u0119drno\u015bci twarzy, szyi i dekoltu, uniesienie i podniesienie sk\u00f3ry twarzy. [&hellip;]\" \/>\n<meta property=\"og:url\" content=\"https:\/\/diamentspalodz.pl\/index.php\/meltivio\/\" \/>\n<meta property=\"og:site_name\" content=\"Diament body &amp; mind spa \u0141\u00f3d\u017a\" \/>\n<meta property=\"article:modified_time\" content=\"2025-01-14T09:23:09+00:00\" \/>\n<meta property=\"og:image\" content=\"https:\/\/diamentspalodz.pl\/wp-content\/uploads\/2024\/01\/meltivio-1024x1024.webp\" \/>\n<meta name=\"twitter:card\" content=\"summary_large_image\" \/>\n<meta name=\"twitter:label1\" content=\"Szacowany czas czytania\" \/>\n\t<meta name=\"twitter:data1\" content=\"11 minut\" \/>\n<script type=\"application\/ld+json\" class=\"yoast-schema-graph\">{\"@context\":\"https:\/\/schema.org\",\"@graph\":[{\"@type\":\"WebPage\",\"@id\":\"https:\/\/diamentspalodz.pl\/index.php\/meltivio\/\",\"url\":\"https:\/\/diamentspalodz.pl\/index.php\/meltivio\/\",\"name\":\"Meltivio - Diament body &amp; mind spa \u0141\u00f3d\u017a\",\"isPartOf\":{\"@id\":\"https:\/\/diamentspalodz.pl\/#website\"},\"datePublished\":\"2024-11-14T18:06:14+00:00\",\"dateModified\":\"2025-01-14T09:23:09+00:00\",\"breadcrumb\":{\"@id\":\"https:\/\/diamentspalodz.pl\/index.php\/meltivio\/#breadcrumb\"},\"inLanguage\":\"pl-PL\",\"potentialAction\":[{\"@type\":\"ReadAction\",\"target\":[\"https:\/\/diamentspalodz.pl\/index.php\/meltivio\/\"]}]},{\"@type\":\"BreadcrumbList\",\"@id\":\"https:\/\/diamentspalodz.pl\/index.php\/meltivio\/#breadcrumb\",\"itemListElement\":[{\"@type\":\"ListItem\",\"position\":1,\"name\":\"Strona g\u0142\u00f3wna\",\"item\":\"https:\/\/diamentspalodz.pl\/\"},{\"@type\":\"ListItem\",\"position\":2,\"name\":\"Meltivio\"}]},{\"@type\":\"WebSite\",\"@id\":\"https:\/\/diamentspalodz.pl\/#website\",\"url\":\"https:\/\/diamentspalodz.pl\/\",\"name\":\"Diament body &amp; mind spa \u0141\u00f3d\u017a\",\"description\":\"Spa w \u0141odzi, salon kosmetyczny, zabiegi na twarz i cia\u0142o, odchudzanie, odm\u0142adzanie, brwi permanentne, trychologia, likwidacja zmarszczek, lifting twarzy, modelowanie sylwetki, lipoliza, spalanie t\u0142uszczu, likwidacja cellulitu\",\"publisher\":{\"@id\":\"https:\/\/diamentspalodz.pl\/#organization\"},\"potentialAction\":[{\"@type\":\"SearchAction\",\"target\":{\"@type\":\"EntryPoint\",\"urlTemplate\":\"https:\/\/diamentspalodz.pl\/?s={search_term_string}\"},\"query-input\":\"required name=search_term_string\"}],\"inLanguage\":\"pl-PL\"},{\"@type\":\"Organization\",\"@id\":\"https:\/\/diamentspalodz.pl\/#organization\",\"name\":\"Diament body &amp; mind spa \u0141\u00f3d\u017a\",\"url\":\"https:\/\/diamentspalodz.pl\/\",\"sameAs\":[],\"logo\":{\"@type\":\"ImageObject\",\"inLanguage\":\"pl-PL\",\"@id\":\"https:\/\/diamentspalodz.pl\/#\/schema\/logo\/image\/\",\"url\":\"https:\/\/diamentspalodz.pl\/wp-content\/uploads\/2022\/10\/logo-dlugie-2.png\",\"contentUrl\":\"https:\/\/diamentspalodz.pl\/wp-content\/uploads\/2022\/10\/logo-dlugie-2.png\",\"width\":267,\"height\":61,\"caption\":\"Diament body &amp; mind spa \u0141\u00f3d\u017a\"},\"image\":{\"@id\":\"https:\/\/diamentspalodz.pl\/#\/schema\/logo\/image\/\"}}]}<\/script>\n<!-- \/ Yoast SEO plugin. -->","yoast_head_json":{"title":"Meltivio - Diament body &amp; mind spa \u0141\u00f3d\u017a","robots":{"index":"index","follow":"follow","max-snippet":"max-snippet:-1","max-image-preview":"max-image-preview:large","max-video-preview":"max-video-preview:-1"},"canonical":"https:\/\/diamentspalodz.pl\/index.php\/meltivio\/","og_locale":"pl_PL","og_type":"article","og_title":"Meltivio - Diament body &amp; mind spa \u0141\u00f3d\u017a","og_description":"LIPOLITYCZNO-FIZJOLOGICZNY LIFTING WYSZCZUPLAJ\u0104CY efekty: lifting wyszczuplaj\u0105cy w obr\u0119bie twarzy i cia\u0142a, zag\u0119szczenie, przebudowa i uj\u0119drnienie sk\u00f3ry, sk\u00f3ra staje si\u0119 g\u0142adsza i rozja\u015bniona, zmniejszenie widoczno\u015bci zmarszczek, znaczna redukcja tkanki t\u0142uszczowej, sp\u0142ycenie kurzych \u0142apek, lipolifting powiek, zmniejszenie opadania policzk\u00f3w, spalanie \u201epoduszek bichata\u201d, uniesienie policzk\u00f3w, zag\u0119szczenie i poprawa j\u0119drno\u015bci twarzy, szyi i dekoltu, uniesienie i podniesienie sk\u00f3ry twarzy. [&hellip;]","og_url":"https:\/\/diamentspalodz.pl\/index.php\/meltivio\/","og_site_name":"Diament body &amp; mind spa \u0141\u00f3d\u017a","article_modified_time":"2025-01-14T09:23:09+00:00","og_image":[{"url":"https:\/\/diamentspalodz.pl\/wp-content\/uploads\/2024\/01\/meltivio-1024x1024.webp"}],"twitter_card":"summary_large_image","twitter_misc":{"Szacowany czas czytania":"11 minut"},"schema":{"@context":"https:\/\/schema.org","@graph":[{"@type":"WebPage","@id":"https:\/\/diamentspalodz.pl\/index.php\/meltivio\/","url":"https:\/\/diamentspalodz.pl\/index.php\/meltivio\/","name":"Meltivio - Diament body &amp; mind spa \u0141\u00f3d\u017a","isPartOf":{"@id":"https:\/\/diamentspalodz.pl\/#website"},"datePublished":"2024-11-14T18:06:14+00:00","dateModified":"2025-01-14T09:23:09+00:00","breadcrumb":{"@id":"https:\/\/diamentspalodz.pl\/index.php\/meltivio\/#breadcrumb"},"inLanguage":"pl-PL","potentialAction":[{"@type":"ReadAction","target":["https:\/\/diamentspalodz.pl\/index.php\/meltivio\/"]}]},{"@type":"BreadcrumbList","@id":"https:\/\/diamentspalodz.pl\/index.php\/meltivio\/#breadcrumb","itemListElement":[{"@type":"ListItem","position":1,"name":"Strona g\u0142\u00f3wna","item":"https:\/\/diamentspalodz.pl\/"},{"@type":"ListItem","position":2,"name":"Meltivio"}]},{"@type":"WebSite","@id":"https:\/\/diamentspalodz.pl\/#website","url":"https:\/\/diamentspalodz.pl\/","name":"Diament body &amp; mind spa \u0141\u00f3d\u017a","description":"Spa w \u0141odzi, salon kosmetyczny, zabiegi na twarz i cia\u0142o, odchudzanie, odm\u0142adzanie, brwi permanentne, trychologia, likwidacja zmarszczek, lifting twarzy, modelowanie sylwetki, lipoliza, spalanie t\u0142uszczu, likwidacja cellulitu","publisher":{"@id":"https:\/\/diamentspalodz.pl\/#organization"},"potentialAction":[{"@type":"SearchAction","target":{"@type":"EntryPoint","urlTemplate":"https:\/\/diamentspalodz.pl\/?s={search_term_string}"},"query-input":"required name=search_term_string"}],"inLanguage":"pl-PL"},{"@type":"Organization","@id":"https:\/\/diamentspalodz.pl\/#organization","name":"Diament body &amp; mind spa \u0141\u00f3d\u017a","url":"https:\/\/diamentspalodz.pl\/","sameAs":[],"logo":{"@type":"ImageObject","inLanguage":"pl-PL","@id":"https:\/\/diamentspalodz.pl\/#\/schema\/logo\/image\/","url":"https:\/\/diamentspalodz.pl\/wp-content\/uploads\/2022\/10\/logo-dlugie-2.png","contentUrl":"https:\/\/diamentspalodz.pl\/wp-content\/uploads\/2022\/10\/logo-dlugie-2.png","width":267,"height":61,"caption":"Diament body &amp; mind spa \u0141\u00f3d\u017a"},"image":{"@id":"https:\/\/diamentspalodz.pl\/#\/schema\/logo\/image\/"}}]}},"_links":{"self":[{"href":"https:\/\/diamentspalodz.pl\/index.php\/wp-json\/wp\/v2\/pages\/3766","targetHints":{"allow":["GET"]}}],"collection":[{"href":"https:\/\/diamentspalodz.pl\/index.php\/wp-json\/wp\/v2\/pages"}],"about":[{"href":"https:\/\/diamentspalodz.pl\/index.php\/wp-json\/wp\/v2\/types\/page"}],"author":[{"embeddable":true,"href":"https:\/\/diamentspalodz.pl\/index.php\/wp-json\/wp\/v2\/users\/1"}],"replies":[{"embeddable":true,"href":"https:\/\/diamentspalodz.pl\/index.php\/wp-json\/wp\/v2\/comments?post=3766"}],"version-history":[{"count":11,"href":"https:\/\/diamentspalodz.pl\/index.php\/wp-json\/wp\/v2\/pages\/3766\/revisions"}],"predecessor-version":[{"id":4202,"href":"https:\/\/diamentspalodz.pl\/index.php\/wp-json\/wp\/v2\/pages\/3766\/revisions\/4202"}],"wp:attachment":[{"href":"https:\/\/diamentspalodz.pl\/index.php\/wp-json\/wp\/v2\/media?parent=3766"}],"curies":[{"name":"wp","href":"https:\/\/api.w.org\/{rel}","templated":true}]}}